{"id":2413,"date":"2025-10-21T13:21:33","date_gmt":"2025-10-21T13:21:33","guid":{"rendered":"https:\/\/www.lacavedeslecteurs.com\/?page_id=2413"},"modified":"2026-01-27T16:21:26","modified_gmt":"2026-01-27T16:21:26","slug":"terrasses-du-larzac","status":"publish","type":"page","link":"https:\/\/www.lacavedeslecteurs.com\/index.php\/terrasses-du-larzac\/","title":{"rendered":"Terrasses-du-Larzac"},"content":{"rendered":"\t\t<div data-elementor-type=\"wp-page\" data-elementor-id=\"2413\" class=\"elementor elementor-2413\" data-elementor-post-type=\"page\">\n\t\t\t\t<div class=\"elementor-element elementor-element-fb5f14d e-flex e-con-boxed e-con e-parent\" data-id=\"fb5f14d\" data-element_type=\"container\" data-e-type=\"container\">\n\t\t\t\t\t<div class=\"e-con-inner\">\n\t\t\t\t<div class=\"elementor-element elementor-element-70d82b2 elementor-widget elementor-widget-text-editor\" data-id=\"70d82b2\" data-element_type=\"widget\" data-e-type=\"widget\" data-widget_type=\"text-editor.default\">\n\t\t\t\t\t\t\t\t\t<p>Terrasses-du-Larzac<\/p>\t\t\t\t\t\t\t\t<\/div>\n\t\t\t\t\t<\/div>\n\t\t\t\t<\/div>\n\t\t<div class=\"elementor-element elementor-element-642ce37 e-flex e-con-boxed e-con e-parent\" data-id=\"642ce37\" data-element_type=\"container\" data-e-type=\"container\">\n\t\t\t\t\t<div class=\"e-con-inner\">\n\t\t\t\t<div class=\"woocommerce elementor-element elementor-element-497a243 elementor-grid-5 elementor-grid-tablet-2 elementor-grid-mobile-1 elementor-widget elementor-widget-loop-grid\" data-id=\"497a243\" data-element_type=\"widget\" data-e-type=\"widget\" data-settings=\"{&quot;_skin&quot;:&quot;product&quot;,&quot;template_id&quot;:&quot;4792&quot;,&quot;columns&quot;:5,&quot;pagination_type&quot;:&quot;numbers&quot;,&quot;row_gap&quot;:{&quot;unit&quot;:&quot;px&quot;,&quot;size&quot;:64,&quot;sizes&quot;:[]},&quot;columns_tablet&quot;:&quot;2&quot;,&quot;columns_mobile&quot;:&quot;1&quot;,&quot;edit_handle_selector&quot;:&quot;[data-elementor-type=\\&quot;loop-item\\&quot;]&quot;,&quot;pagination_load_type&quot;:&quot;page_reload&quot;,&quot;row_gap_tablet&quot;:{&quot;unit&quot;:&quot;px&quot;,&quot;size&quot;:&quot;&quot;,&quot;sizes&quot;:[]},&quot;row_gap_mobile&quot;:{&quot;unit&quot;:&quot;px&quot;,&quot;size&quot;:&quot;&quot;,&quot;sizes&quot;:[]}}\" data-widget_type=\"loop-grid.product\">\n\t\t\t\t<div class=\"elementor-widget-container\">\n\t\t\t\t\t\t\t<div class=\"elementor-loop-container elementor-grid\" role=\"list\">\n\t\t<style id=\"loop-4792\">.elementor-4792 .elementor-element.elementor-element-1753b26{--display:flex;--flex-direction:column;--container-widget-width:calc( ( 1 - var( --container-widget-flex-grow ) ) * 100% );--container-widget-height:initial;--container-widget-flex-grow:0;--container-widget-align-self:initial;--flex-wrap-mobile:wrap;--justify-content:space-between;--align-items:center;--gap:4px 0px;--row-gap:4px;--column-gap:0px;border-style:solid;--border-style:solid;border-width:1px 1px 1px 1px;--border-top-width:1px;--border-right-width:1px;--border-bottom-width:1px;--border-left-width:1px;border-color:#F5EBEB;--border-color:#F5EBEB;--border-radius:0px 0px 0px 0px;}.elementor-4792 .elementor-element.elementor-element-692e084 .product-category-value{color:#FFFFFF;font-family:\"Onest\", Sans-serif;font-size:14px;font-weight:700;text-align:center;}.elementor-4792 .elementor-element.elementor-element-692e084.elementor-element{--align-self:flex-end;}body:not(.rtl) .elementor-4792 .elementor-element.elementor-element-692e084{right:8px;}body.rtl .elementor-4792 .elementor-element.elementor-element-692e084{left:8px;}.elementor-4792 .elementor-element.elementor-element-692e084{top:8px;}.elementor-widget-theme-post-featured-image .widget-image-caption{color:var( --e-global-color-text );font-family:var( --e-global-typography-text-font-family ), Sans-serif;font-weight:var( --e-global-typography-text-font-weight );}.elementor-4792 .elementor-element.elementor-element-ad0bdab img{width:100%;max-width:100%;height:300px;object-fit:cover;object-position:center center;}.elementor-widget-woocommerce-product-title .elementor-heading-title{font-family:var( --e-global-typography-primary-font-family ), Sans-serif;font-weight:var( --e-global-typography-primary-font-weight );color:var( --e-global-color-primary );}.elementor-4792 .elementor-element.elementor-element-ff07b91{text-align:center;}.elementor-4792 .elementor-element.elementor-element-ff07b91 .elementor-heading-title{font-family:\"Onest\", Sans-serif;font-size:16px;font-weight:700;text-transform:uppercase;line-height:20px;color:var( --e-global-color-text );}.elementor-4792 .elementor-element.elementor-element-3cee36d .product-category-value{color:var( --e-global-color-accent );font-family:\"Onest\", Sans-serif;font-size:14px;font-weight:600;text-align:center;}.elementor-4792 .elementor-element.elementor-element-3cee36d.elementor-element{--align-self:center;}.woocommerce .elementor-widget-woocommerce-product-price .price{color:var( --e-global-color-primary );font-family:var( --e-global-typography-primary-font-family ), Sans-serif;font-weight:var( --e-global-typography-primary-font-weight );}.elementor-4792 .elementor-element.elementor-element-0376f23{text-align:center;margin:0px 0px calc(var(--kit-widget-spacing, 0px) + -14px) 0px;padding:0px 0px 0px 0px;}.woocommerce .elementor-4792 .elementor-element.elementor-element-0376f23 .price{color:#28020275;font-family:\"Onest\", Sans-serif;font-weight:600;text-decoration:none;}.woocommerce .elementor-4792 .elementor-element.elementor-element-0376f23 .price ins{color:var( --e-global-color-primary );font-family:\"Onest\", Sans-serif;font-size:18px;font-weight:600;text-decoration:none;}body:not(.rtl) .elementor-4792 .elementor-element.elementor-element-0376f23:not(.elementor-product-price-block-yes) del{margin-right:4px;}body.rtl .elementor-4792 .elementor-element.elementor-element-0376f23:not(.elementor-product-price-block-yes) del{margin-left:4px;}.elementor-4792 .elementor-element.elementor-element-0376f23.elementor-product-price-block-yes del{margin-bottom:4px;}.elementor-widget-woocommerce-product-add-to-cart .added_to_cart{font-family:var( --e-global-typography-accent-font-family ), Sans-serif;font-weight:var( --e-global-typography-accent-font-weight );}.elementor-4792 .elementor-element.elementor-element-16436b5 .cart button, .elementor-4792 .elementor-element.elementor-element-16436b5 .cart .button{font-family:\"Onest\", Sans-serif;font-weight:700;text-transform:uppercase;border-radius:0px 0px 0px 0px;padding:16px 0px 16px 0px;color:#FFFFFF;background-color:var( --e-global-color-primary );transition:all 0.2s;}.elementor-4792 .elementor-element.elementor-element-16436b5 .cart button:hover, .elementor-4792 .elementor-element.elementor-element-16436b5 .cart .button:hover{color:#FFFFFF;background-color:#5C0909;}.elementor-4792 .elementor-element.elementor-element-16436b5 .added_to_cart{color:var( --e-global-color-primary );font-family:\"Onest\", Sans-serif;font-weight:500;text-decoration:underline;}.woocommerce .elementor-4792 .elementor-element.elementor-element-16436b5 form.cart .variations{width:0%;}.elementor-4792 .elementor-element.elementor-element-16436b5.elementor-element{--align-self:stretch;}\/* Start custom CSS for product_category_filter, class: .elementor-element-692e084 *\/.reduc-price {\n    background-color: #A0874A; \/* couleur de fond *\/\n    padding: 6px 6px;          \/* 6px top\/bottom, 8px left\/right *\/\n    border-radius: 0;           \/* pas de coins arrondis *\/\n    display: inline-block;      \/* pour que le bloc soit ajust\u00e9 au texte *\/\n    color: #FFFFFF;             \/* texte blanc si n\u00e9cessaire *\/\n    width: 68px;\n}\/* End custom CSS *\/<\/style>\t\t<div data-elementor-type=\"loop-item\" data-elementor-id=\"4792\" class=\"elementor elementor-4792 e-loop-item e-loop-item-11540 post-11540 product type-product status-publish has-post-thumbnail product_cat-categorie product_cat-couleurs product_cat-rouge product_cat-vins-du-sud first instock sale taxable shipping-taxable purchasable product-type-simple\" data-elementor-post-type=\"elementor_library\" data-custom-edit-handle=\"1\">\n\t\t\t<div class=\"elementor-element elementor-element-1753b26 e-flex e-con-boxed e-con e-parent\" data-id=\"1753b26\" data-element_type=\"container\" data-e-type=\"container\">\n\t\t\t\t\t<div class=\"e-con-inner\">\n\t\t\t\t<div class=\"elementor-element elementor-element-692e084 elementor-absolute reduc-price elementor-widget elementor-widget-product_category_filter\" data-id=\"692e084\" data-element_type=\"widget\" data-e-type=\"widget\" data-settings=\"{&quot;_position&quot;:&quot;absolute&quot;}\" data-widget_type=\"product_category_filter.default\">\n\t\t\t\t<div class=\"elementor-widget-container\">\n\t\t\t\t\t<div class=\"product-category-value\">-4\u20ac<\/div>\t\t\t\t<\/div>\n\t\t\t\t<\/div>\n\t\t\t\t<div class=\"elementor-element elementor-element-ad0bdab elementor-widget elementor-widget-theme-post-featured-image elementor-widget-image\" data-id=\"ad0bdab\" data-element_type=\"widget\" data-e-type=\"widget\" data-widget_type=\"theme-post-featured-image.default\">\n\t\t\t\t\t\t\t\t\t\t\t\t\t\t\t\t<a href=\"https:\/\/www.lacavedeslecteurs.com\/index.php\/product\/domaine-des-jonquieres-la-baronnie-bio\/\">\n\t\t\t\t\t\t\t<img fetchpriority=\"high\" decoding=\"async\" width=\"750\" height=\"970\" src=\"https:\/\/www.lacavedeslecteurs.com\/wp-content\/uploads\/2025\/12\/fx2wmzamex3vu4an-4.png\" class=\"attachment-large size-large wp-image-17079\" alt=\"\" srcset=\"https:\/\/www.lacavedeslecteurs.com\/wp-content\/uploads\/2025\/12\/fx2wmzamex3vu4an-4.png 750w, https:\/\/www.lacavedeslecteurs.com\/wp-content\/uploads\/2025\/12\/fx2wmzamex3vu4an-4-232x300.png 232w, https:\/\/www.lacavedeslecteurs.com\/wp-content\/uploads\/2025\/12\/fx2wmzamex3vu4an-4-600x776.png 600w, https:\/\/www.lacavedeslecteurs.com\/wp-content\/uploads\/2025\/12\/fx2wmzamex3vu4an-4-64x83.png 64w\" sizes=\"(max-width: 750px) 100vw, 750px\" \/>\t\t\t\t\t\t\t\t<\/a>\n\t\t\t\t\t\t\t\t\t\t\t\t\t\t\t<\/div>\n\t\t\t\t<div class=\"elementor-element elementor-element-ff07b91 elementor-widget elementor-widget-woocommerce-product-title elementor-page-title elementor-widget-heading\" data-id=\"ff07b91\" data-element_type=\"widget\" data-e-type=\"widget\" data-widget_type=\"woocommerce-product-title.default\">\n\t\t\t\t\t<h1 class=\"product_title entry-title elementor-heading-title elementor-size-default\"><a href=\"https:\/\/www.lacavedeslecteurs.com\/index.php\/product\/domaine-des-jonquieres-la-baronnie-bio\/\">Domaine des Jonqui\u00e8res La Baronnie BIO - 2014<\/a><\/h1>\t\t\t\t<\/div>\n\t\t\t\t<div class=\"elementor-element elementor-element-3cee36d elementor-widget elementor-widget-product_category_filter\" data-id=\"3cee36d\" data-element_type=\"widget\" data-e-type=\"widget\" data-widget_type=\"product_category_filter.default\">\n\t\t\t\t<div class=\"elementor-widget-container\">\n\t\t\t\t\t<div class=\"product-category-value\">Languedoc Terrasses du Larzac<\/div>\t\t\t\t<\/div>\n\t\t\t\t<\/div>\n\t\t\t\t<div class=\"elementor-element elementor-element-0376f23 elementor-widget elementor-widget-woocommerce-product-price\" data-id=\"0376f23\" data-element_type=\"widget\" data-e-type=\"widget\" data-widget_type=\"woocommerce-product-price.default\">\n\t\t\t\t\t<p class=\"price\"><del aria-hidden=\"true\"><span class=\"woocommerce-Price-amount amount\"><bdi>24,00&nbsp;<span class=\"woocommerce-Price-currencySymbol\">&euro;<\/span><\/bdi><\/span><\/del> <span class=\"screen-reader-text\">Le prix initial \u00e9tait\u00a0: 24,00&nbsp;&euro;.<\/span><ins aria-hidden=\"true\"><span class=\"woocommerce-Price-amount amount\"><bdi>20,00&nbsp;<span class=\"woocommerce-Price-currencySymbol\">&euro;<\/span><\/bdi><\/span><\/ins><span class=\"screen-reader-text\">Le prix actuel est\u00a0: 20,00&nbsp;&euro;.<\/span><\/p>\n\t\t\t\t<\/div>\n\t\t\t\t<div class=\"elementor-element elementor-element-16436b5 elementor-add-to-cart--align-justify elementor-widget elementor-widget-woocommerce-product-add-to-cart\" data-id=\"16436b5\" data-element_type=\"widget\" data-e-type=\"widget\" data-widget_type=\"woocommerce-product-add-to-cart.default\">\n\t\t\t\t\t\n\t\t<div class=\"elementor-add-to-cart elementor-product-simple\">\n\t\t\t\t\t<div class=\"e-loop-add-to-cart-form-container\">\n\t\t\t<form class=\"cart e-loop-add-to-cart-form\">\n\t\t\t\t<a href=\"\/index.php\/wp-json\/wp\/v2\/pages\/2413?add-to-cart=11540\" aria-describedby=\"woocommerce_loop_add_to_cart_link_describedby_11540\" data-quantity=\"1\" class=\"button product_type_simple add_to_cart_button ajax_add_to_cart\" data-product_id=\"11540\" data-product_sku=\"JONQUIERES14\" aria-label=\"Ajouter au panier\u00a0: &ldquo;Domaine des Jonqui\u00e8res La Baronnie BIO&rdquo;\" rel=\"nofollow\" data-success_message=\"\u00ab\u00a0Domaine des Jonqui\u00e8res La Baronnie BIO\u00a0\u00bb a \u00e9t\u00e9 ajout\u00e9 \u00e0 votre panier\" role=\"button\">Ajouter au panier<\/a>\t<span id=\"woocommerce_loop_add_to_cart_link_describedby_11540\" class=\"screen-reader-text\">\n\t\t\t<\/span>\n\t\t\t<\/form>\n\t\t<\/div>\n\t\t\t\t<\/div>\n\n\t\t\t\t\t\t<\/div>\n\t\t\t\t\t<\/div>\n\t\t\t\t<\/div>\n\t\t\t\t<\/div>\n\t\t\t\t<div data-elementor-type=\"loop-item\" data-elementor-id=\"4792\" class=\"elementor elementor-4792 e-loop-item e-loop-item-12072 post-12072 product type-product status-publish has-post-thumbnail product_cat-categorie product_cat-couleurs product_cat-rouge product_cat-vins-du-sud  instock sale taxable shipping-taxable purchasable product-type-simple\" data-elementor-post-type=\"elementor_library\" data-custom-edit-handle=\"1\">\n\t\t\t<div class=\"elementor-element elementor-element-1753b26 e-flex e-con-boxed e-con e-parent\" data-id=\"1753b26\" data-element_type=\"container\" data-e-type=\"container\">\n\t\t\t\t\t<div class=\"e-con-inner\">\n\t\t\t\t<div class=\"elementor-element elementor-element-692e084 elementor-absolute reduc-price elementor-widget elementor-widget-product_category_filter\" data-id=\"692e084\" data-element_type=\"widget\" data-e-type=\"widget\" data-settings=\"{&quot;_position&quot;:&quot;absolute&quot;}\" data-widget_type=\"product_category_filter.default\">\n\t\t\t\t<div class=\"elementor-widget-container\">\n\t\t\t\t\t<div class=\"product-category-value\">-4\u20ac<\/div>\t\t\t\t<\/div>\n\t\t\t\t<\/div>\n\t\t\t\t<div class=\"elementor-element elementor-element-ad0bdab elementor-widget elementor-widget-theme-post-featured-image elementor-widget-image\" data-id=\"ad0bdab\" data-element_type=\"widget\" data-e-type=\"widget\" data-widget_type=\"theme-post-featured-image.default\">\n\t\t\t\t\t\t\t\t\t\t\t\t\t\t\t\t<a href=\"https:\/\/www.lacavedeslecteurs.com\/index.php\/product\/mas-de-la-seranne-antonin-et-louis-bio\/\">\n\t\t\t\t\t\t\t<img decoding=\"async\" width=\"779\" height=\"1024\" src=\"https:\/\/www.lacavedeslecteurs.com\/wp-content\/uploads\/2025\/12\/pky5dejvvg54a7xj-17-779x1024.png\" class=\"attachment-large size-large wp-image-17140\" alt=\"\" srcset=\"https:\/\/www.lacavedeslecteurs.com\/wp-content\/uploads\/2025\/12\/pky5dejvvg54a7xj-17-779x1024.png 779w, https:\/\/www.lacavedeslecteurs.com\/wp-content\/uploads\/2025\/12\/pky5dejvvg54a7xj-17-228x300.png 228w, https:\/\/www.lacavedeslecteurs.com\/wp-content\/uploads\/2025\/12\/pky5dejvvg54a7xj-17-768x1010.png 768w, https:\/\/www.lacavedeslecteurs.com\/wp-content\/uploads\/2025\/12\/pky5dejvvg54a7xj-17-600x789.png 600w, https:\/\/www.lacavedeslecteurs.com\/wp-content\/uploads\/2025\/12\/pky5dejvvg54a7xj-17-64x84.png 64w, https:\/\/www.lacavedeslecteurs.com\/wp-content\/uploads\/2025\/12\/pky5dejvvg54a7xj-17.png 867w\" sizes=\"(max-width: 779px) 100vw, 779px\" \/>\t\t\t\t\t\t\t\t<\/a>\n\t\t\t\t\t\t\t\t\t\t\t\t\t\t\t<\/div>\n\t\t\t\t<div class=\"elementor-element elementor-element-ff07b91 elementor-widget elementor-widget-woocommerce-product-title elementor-page-title elementor-widget-heading\" data-id=\"ff07b91\" data-element_type=\"widget\" data-e-type=\"widget\" data-widget_type=\"woocommerce-product-title.default\">\n\t\t\t\t\t<h1 class=\"product_title entry-title elementor-heading-title elementor-size-default\"><a href=\"https:\/\/www.lacavedeslecteurs.com\/index.php\/product\/mas-de-la-seranne-antonin-et-louis-bio\/\">Mas de La Seranne Antonin et Louis BIO - 2020<\/a><\/h1>\t\t\t\t<\/div>\n\t\t\t\t<div class=\"elementor-element elementor-element-3cee36d elementor-widget elementor-widget-product_category_filter\" data-id=\"3cee36d\" data-element_type=\"widget\" data-e-type=\"widget\" data-widget_type=\"product_category_filter.default\">\n\t\t\t\t<div class=\"elementor-widget-container\">\n\t\t\t\t\t<div class=\"product-category-value\">Terrasses du Larzac<\/div>\t\t\t\t<\/div>\n\t\t\t\t<\/div>\n\t\t\t\t<div class=\"elementor-element elementor-element-0376f23 elementor-widget elementor-widget-woocommerce-product-price\" data-id=\"0376f23\" data-element_type=\"widget\" data-e-type=\"widget\" data-widget_type=\"woocommerce-product-price.default\">\n\t\t\t\t\t<p class=\"price\"><del aria-hidden=\"true\"><span class=\"woocommerce-Price-amount amount\"><bdi>30,00&nbsp;<span class=\"woocommerce-Price-currencySymbol\">&euro;<\/span><\/bdi><\/span><\/del> <span class=\"screen-reader-text\">Le prix initial \u00e9tait\u00a0: 30,00&nbsp;&euro;.<\/span><ins aria-hidden=\"true\"><span class=\"woocommerce-Price-amount amount\"><bdi>26,00&nbsp;<span class=\"woocommerce-Price-currencySymbol\">&euro;<\/span><\/bdi><\/span><\/ins><span class=\"screen-reader-text\">Le prix actuel est\u00a0: 26,00&nbsp;&euro;.<\/span><\/p>\n\t\t\t\t<\/div>\n\t\t\t\t<div class=\"elementor-element elementor-element-16436b5 elementor-add-to-cart--align-justify elementor-widget elementor-widget-woocommerce-product-add-to-cart\" data-id=\"16436b5\" data-element_type=\"widget\" data-e-type=\"widget\" data-widget_type=\"woocommerce-product-add-to-cart.default\">\n\t\t\t\t\t\n\t\t<div class=\"elementor-add-to-cart elementor-product-simple\">\n\t\t\t\t\t<div class=\"e-loop-add-to-cart-form-container\">\n\t\t\t<form class=\"cart e-loop-add-to-cart-form\">\n\t\t\t\t<a href=\"\/index.php\/wp-json\/wp\/v2\/pages\/2413?add-to-cart=12072\" aria-describedby=\"woocommerce_loop_add_to_cart_link_describedby_12072\" data-quantity=\"1\" class=\"button product_type_simple add_to_cart_button ajax_add_to_cart\" data-product_id=\"12072\" data-product_sku=\"TDLAL20SER\" aria-label=\"Ajouter au panier\u00a0: &ldquo;Mas de La Seranne Antonin et Louis BIO&rdquo;\" rel=\"nofollow\" data-success_message=\"\u00ab\u00a0Mas de La Seranne Antonin et Louis BIO\u00a0\u00bb a \u00e9t\u00e9 ajout\u00e9 \u00e0 votre panier\" role=\"button\">Ajouter au panier<\/a>\t<span id=\"woocommerce_loop_add_to_cart_link_describedby_12072\" class=\"screen-reader-text\">\n\t\t\t<\/span>\n\t\t\t<\/form>\n\t\t<\/div>\n\t\t\t\t<\/div>\n\n\t\t\t\t\t\t<\/div>\n\t\t\t\t\t<\/div>\n\t\t\t\t<\/div>\n\t\t\t\t<\/div>\n\t\t\t\t<div data-elementor-type=\"loop-item\" data-elementor-id=\"4792\" class=\"elementor elementor-4792 e-loop-item e-loop-item-12070 post-12070 product type-product status-publish has-post-thumbnail product_cat-categorie product_cat-couleurs product_cat-rouge product_cat-vins-du-sud  instock sale taxable shipping-taxable purchasable product-type-simple\" data-elementor-post-type=\"elementor_library\" data-custom-edit-handle=\"1\">\n\t\t\t<div class=\"elementor-element elementor-element-1753b26 e-flex e-con-boxed e-con e-parent\" data-id=\"1753b26\" data-element_type=\"container\" data-e-type=\"container\">\n\t\t\t\t\t<div class=\"e-con-inner\">\n\t\t\t\t<div class=\"elementor-element elementor-element-692e084 elementor-absolute reduc-price elementor-widget elementor-widget-product_category_filter\" data-id=\"692e084\" data-element_type=\"widget\" data-e-type=\"widget\" data-settings=\"{&quot;_position&quot;:&quot;absolute&quot;}\" data-widget_type=\"product_category_filter.default\">\n\t\t\t\t<div class=\"elementor-widget-container\">\n\t\t\t\t\t<div class=\"product-category-value\">-6\u20ac<\/div>\t\t\t\t<\/div>\n\t\t\t\t<\/div>\n\t\t\t\t<div class=\"elementor-element elementor-element-ad0bdab elementor-widget elementor-widget-theme-post-featured-image elementor-widget-image\" data-id=\"ad0bdab\" data-element_type=\"widget\" data-e-type=\"widget\" data-widget_type=\"theme-post-featured-image.default\">\n\t\t\t\t\t\t\t\t\t\t\t\t\t\t\t\t<a href=\"https:\/\/www.lacavedeslecteurs.com\/index.php\/product\/mas-de-la-serrane-antonin-et-louis-terrasses-du-larzac-bio\/\">\n\t\t\t\t\t\t\t<img decoding=\"async\" width=\"779\" height=\"1024\" src=\"https:\/\/www.lacavedeslecteurs.com\/wp-content\/uploads\/2025\/12\/pky5dejvvg54a7xj-16-779x1024.png\" class=\"attachment-large size-large wp-image-17139\" alt=\"\" srcset=\"https:\/\/www.lacavedeslecteurs.com\/wp-content\/uploads\/2025\/12\/pky5dejvvg54a7xj-16-779x1024.png 779w, https:\/\/www.lacavedeslecteurs.com\/wp-content\/uploads\/2025\/12\/pky5dejvvg54a7xj-16-228x300.png 228w, https:\/\/www.lacavedeslecteurs.com\/wp-content\/uploads\/2025\/12\/pky5dejvvg54a7xj-16-768x1010.png 768w, https:\/\/www.lacavedeslecteurs.com\/wp-content\/uploads\/2025\/12\/pky5dejvvg54a7xj-16-600x789.png 600w, https:\/\/www.lacavedeslecteurs.com\/wp-content\/uploads\/2025\/12\/pky5dejvvg54a7xj-16-64x84.png 64w, https:\/\/www.lacavedeslecteurs.com\/wp-content\/uploads\/2025\/12\/pky5dejvvg54a7xj-16.png 867w\" sizes=\"(max-width: 779px) 100vw, 779px\" \/>\t\t\t\t\t\t\t\t<\/a>\n\t\t\t\t\t\t\t\t\t\t\t\t\t\t\t<\/div>\n\t\t\t\t<div class=\"elementor-element elementor-element-ff07b91 elementor-widget elementor-widget-woocommerce-product-title elementor-page-title elementor-widget-heading\" data-id=\"ff07b91\" data-element_type=\"widget\" data-e-type=\"widget\" data-widget_type=\"woocommerce-product-title.default\">\n\t\t\t\t\t<h1 class=\"product_title entry-title elementor-heading-title elementor-size-default\"><a href=\"https:\/\/www.lacavedeslecteurs.com\/index.php\/product\/mas-de-la-serrane-antonin-et-louis-terrasses-du-larzac-bio\/\">Mas de La Serrane \u00ab\u00a0Antonin et Louis\u00a0\u00bb Terrasses du Larzac BIO - 2019<\/a><\/h1>\t\t\t\t<\/div>\n\t\t\t\t<div class=\"elementor-element elementor-element-3cee36d elementor-widget elementor-widget-product_category_filter\" data-id=\"3cee36d\" data-element_type=\"widget\" data-e-type=\"widget\" data-widget_type=\"product_category_filter.default\">\n\t\t\t\t<div class=\"elementor-widget-container\">\n\t\t\t\t\t<div class=\"product-category-value\">Terrasses du Larzac<\/div>\t\t\t\t<\/div>\n\t\t\t\t<\/div>\n\t\t\t\t<div class=\"elementor-element elementor-element-0376f23 elementor-widget elementor-widget-woocommerce-product-price\" data-id=\"0376f23\" data-element_type=\"widget\" data-e-type=\"widget\" data-widget_type=\"woocommerce-product-price.default\">\n\t\t\t\t\t<p class=\"price\"><del aria-hidden=\"true\"><span class=\"woocommerce-Price-amount amount\"><bdi>35,00&nbsp;<span class=\"woocommerce-Price-currencySymbol\">&euro;<\/span><\/bdi><\/span><\/del> <span class=\"screen-reader-text\">Le prix initial \u00e9tait\u00a0: 35,00&nbsp;&euro;.<\/span><ins aria-hidden=\"true\"><span class=\"woocommerce-Price-amount amount\"><bdi>29,00&nbsp;<span class=\"woocommerce-Price-currencySymbol\">&euro;<\/span><\/bdi><\/span><\/ins><span class=\"screen-reader-text\">Le prix actuel est\u00a0: 29,00&nbsp;&euro;.<\/span><\/p>\n\t\t\t\t<\/div>\n\t\t\t\t<div class=\"elementor-element elementor-element-16436b5 elementor-add-to-cart--align-justify elementor-widget elementor-widget-woocommerce-product-add-to-cart\" data-id=\"16436b5\" data-element_type=\"widget\" data-e-type=\"widget\" data-widget_type=\"woocommerce-product-add-to-cart.default\">\n\t\t\t\t\t\n\t\t<div class=\"elementor-add-to-cart elementor-product-simple\">\n\t\t\t\t\t<div class=\"e-loop-add-to-cart-form-container\">\n\t\t\t<form class=\"cart e-loop-add-to-cart-form\">\n\t\t\t\t<a href=\"\/index.php\/wp-json\/wp\/v2\/pages\/2413?add-to-cart=12070\" aria-describedby=\"woocommerce_loop_add_to_cart_link_describedby_12070\" data-quantity=\"1\" class=\"button product_type_simple add_to_cart_button ajax_add_to_cart\" data-product_id=\"12070\" data-product_sku=\"TDLAL19SER\" aria-label=\"Ajouter au panier\u00a0: &ldquo;Mas de La Serrane &quot;Antonin et Louis&quot; Terrasses du Larzac BIO&rdquo;\" rel=\"nofollow\" data-success_message=\"\u00ab\u00a0Mas de La Serrane &quot;Antonin et Louis&quot; Terrasses du Larzac BIO\u00a0\u00bb a \u00e9t\u00e9 ajout\u00e9 \u00e0 votre panier\" role=\"button\">Ajouter au panier<\/a>\t<span id=\"woocommerce_loop_add_to_cart_link_describedby_12070\" class=\"screen-reader-text\">\n\t\t\t<\/span>\n\t\t\t<\/form>\n\t\t<\/div>\n\t\t\t\t<\/div>\n\n\t\t\t\t\t\t<\/div>\n\t\t\t\t\t<\/div>\n\t\t\t\t<\/div>\n\t\t\t\t<\/div>\n\t\t\t\t<\/div>\n\t\t\n\t\t\t\t\t\t<\/div>\n\t\t\t\t<\/div>\n\t\t\t\t\t<\/div>\n\t\t\t\t<\/div>\n\t\t\t\t<\/div>\n\t\t","protected":false},"excerpt":{"rendered":"<p>Terrasses-du-Larzac<\/p>\n","protected":false},"author":1,"featured_media":0,"parent":0,"menu_order":0,"comment_status":"closed","ping_status":"closed","template":"","meta":{"footnotes":""},"class_list":["post-2413","page","type-page","status-publish","hentry"],"_links":{"self":[{"href":"https:\/\/www.lacavedeslecteurs.com\/index.php\/wp-json\/wp\/v2\/pages\/2413","targetHints":{"allow":["GET"]}}],"collection":[{"href":"https:\/\/www.lacavedeslecteurs.com\/index.php\/wp-json\/wp\/v2\/pages"}],"about":[{"href":"https:\/\/www.lacavedeslecteurs.com\/index.php\/wp-json\/wp\/v2\/types\/page"}],"author":[{"embeddable":true,"href":"https:\/\/www.lacavedeslecteurs.com\/index.php\/wp-json\/wp\/v2\/users\/1"}],"replies":[{"embeddable":true,"href":"https:\/\/www.lacavedeslecteurs.com\/index.php\/wp-json\/wp\/v2\/comments?post=2413"}],"version-history":[{"count":10,"href":"https:\/\/www.lacavedeslecteurs.com\/index.php\/wp-json\/wp\/v2\/pages\/2413\/revisions"}],"predecessor-version":[{"id":2414,"href":"https:\/\/www.lacavedeslecteurs.com\/index.php\/wp-json\/wp\/v2\/pages\/2413\/revisions\/2414"}],"wp:attachment":[{"href":"https:\/\/www.lacavedeslecteurs.com\/index.php\/wp-json\/wp\/v2\/media?parent=2413"}],"curies":[{"name":"wp","href":"https:\/\/api.w.org\/{rel}","templated":true}]}}