{"id":11039,"date":"2025-12-31T12:54:11","date_gmt":"2025-12-31T12:54:11","guid":{"rendered":"https:\/\/www.lacavedeslecteurs.com\/index.php\/product\/chateau-camensac\/"},"modified":"2026-02-13T15:04:48","modified_gmt":"2026-02-13T15:04:48","slug":"chateau-camensac","status":"publish","type":"product","link":"https:\/\/www.lacavedeslecteurs.com\/index.php\/product\/chateau-camensac\/","title":{"rendered":"Ch\u00e2teau Camensac - 2016"},"content":{"rendered":"<p>Beau nez, riche mais d\u00e9licat et nuanc\u00e9 entre une note de p\u00eache et de fruits confits. Il \u00e9volue vers les agrumes, avec une liqueur tr\u00e8s \u00e9pur\u00e9e qui porte le fruit sur la longueur de bouche. Une belle sensation saline et une magnifique acidit\u00e9 conf\u00e8rent un bel \u00e9clat \u00e0 son fruit, malgr\u00e9 une liqueur g\u00e9n\u00e9reuse.<\/p>\n","protected":false},"excerpt":{"rendered":"<p>Beau nez, riche mais d\u00e9licat et nuanc\u00e9 entre une note de p\u00eache et de fruits confits. Il \u00e9volue vers les agrumes, avec une liqueur tr\u00e8s \u00e9pur\u00e9e qui porte le fruit sur la longueur de bouche. Une belle sensation saline et une magnifique acidit\u00e9 conf\u00e8rent un bel \u00e9clat \u00e0 son fruit, malgr\u00e9 une liqueur g\u00e9n\u00e9reuse.<\/p>\n","protected":false},"featured_media":16574,"comment_status":"open","ping_status":"closed","template":"","meta":[],"product_brand":[],"product_cat":[20,365,138,27],"product_tag":[],"class_list":{"0":"post-11039","1":"product","2":"type-product","3":"status-publish","4":"has-post-thumbnail","6":"product_cat-bordeaux","7":"product_cat-categorie","8":"product_cat-couleurs","9":"product_cat-rouge","11":"first","12":"instock","13":"sale","14":"taxable","15":"shipping-taxable","16":"purchasable","17":"product-type-simple"},"_links":{"self":[{"href":"https:\/\/www.lacavedeslecteurs.com\/index.php\/wp-json\/wp\/v2\/product\/11039","targetHints":{"allow":["GET"]}}],"collection":[{"href":"https:\/\/www.lacavedeslecteurs.com\/index.php\/wp-json\/wp\/v2\/product"}],"about":[{"href":"https:\/\/www.lacavedeslecteurs.com\/index.php\/wp-json\/wp\/v2\/types\/product"}],"replies":[{"embeddable":true,"href":"https:\/\/www.lacavedeslecteurs.com\/index.php\/wp-json\/wp\/v2\/comments?post=11039"}],"wp:featuredmedia":[{"embeddable":true,"href":"https:\/\/www.lacavedeslecteurs.com\/index.php\/wp-json\/wp\/v2\/media\/16574"}],"wp:attachment":[{"href":"https:\/\/www.lacavedeslecteurs.com\/index.php\/wp-json\/wp\/v2\/media?parent=11039"}],"wp:term":[{"taxonomy":"product_brand","embeddable":true,"href":"https:\/\/www.lacavedeslecteurs.com\/index.php\/wp-json\/wp\/v2\/product_brand?post=11039"},{"taxonomy":"product_cat","embeddable":true,"href":"https:\/\/www.lacavedeslecteurs.com\/index.php\/wp-json\/wp\/v2\/product_cat?post=11039"},{"taxonomy":"product_tag","embeddable":true,"href":"https:\/\/www.lacavedeslecteurs.com\/index.php\/wp-json\/wp\/v2\/product_tag?post=11039"}],"curies":[{"name":"wp","href":"https:\/\/api.w.org\/{rel}","templated":true}]}}