{"id":11077,"date":"2025-12-31T12:54:42","date_gmt":"2025-12-31T12:54:42","guid":{"rendered":"https:\/\/www.lacavedeslecteurs.com\/index.php\/product\/chateau-coutet-bio\/"},"modified":"2026-02-13T15:05:40","modified_gmt":"2026-02-13T15:05:40","slug":"chateau-coutet-bio","status":"publish","type":"product","link":"https:\/\/www.lacavedeslecteurs.com\/index.php\/product\/chateau-coutet-bio\/","title":{"rendered":"Ch\u00e2teau Coutet BIO - 2019"},"content":{"rendered":"<p>Le ch\u00e2teau Coutet est une authentique p\u00e9pite ! Juch\u00e9 juste au-dessus de ch\u00e2teau Ang\u00e9lus, Adrien, le vigneron d\u00e9range incontestablement puisqu\u2019il produit en bio des grands vins sur un grand terroir \u00e0 des prix 20 fois moins \u00e9lev\u00e9s que son illustre voisin ! Les vins sont sinc\u00e8res, purs et goutent formidablement bien. Nez de fruits rouges fins et d&rsquo;\u00e9pices. Bouche somptueuse avec une trame min\u00e9rale salivante. Un coup de c\u0153ur unanime \u00e0 la d\u00e9gustation. <\/p>\n","protected":false},"excerpt":{"rendered":"<p>Le ch\u00e2teau Coutet est une authentique p\u00e9pite ! Juch\u00e9 juste au-dessus de ch\u00e2teau Ang\u00e9lus, Adrien, le vigneron d\u00e9range incontestablement puisqu\u2019il produit en bio des grands vins sur un grand terroir \u00e0 des prix 20 fois moins \u00e9lev\u00e9s que son illustre voisin ! Les vins sont sinc\u00e8res, purs et goutent formidablement bien. Nez de fruits rouges [&hellip;]<\/p>\n","protected":false},"featured_media":16593,"comment_status":"open","ping_status":"closed","template":"","meta":[],"product_brand":[],"product_cat":[20,365,138,27],"product_tag":[],"class_list":{"0":"post-11077","1":"product","2":"type-product","3":"status-publish","4":"has-post-thumbnail","6":"product_cat-bordeaux","7":"product_cat-categorie","8":"product_cat-couleurs","9":"product_cat-rouge","11":"first","12":"instock","13":"sale","14":"taxable","15":"shipping-taxable","16":"purchasable","17":"product-type-simple"},"_links":{"self":[{"href":"https:\/\/www.lacavedeslecteurs.com\/index.php\/wp-json\/wp\/v2\/product\/11077","targetHints":{"allow":["GET"]}}],"collection":[{"href":"https:\/\/www.lacavedeslecteurs.com\/index.php\/wp-json\/wp\/v2\/product"}],"about":[{"href":"https:\/\/www.lacavedeslecteurs.com\/index.php\/wp-json\/wp\/v2\/types\/product"}],"replies":[{"embeddable":true,"href":"https:\/\/www.lacavedeslecteurs.com\/index.php\/wp-json\/wp\/v2\/comments?post=11077"}],"wp:featuredmedia":[{"embeddable":true,"href":"https:\/\/www.lacavedeslecteurs.com\/index.php\/wp-json\/wp\/v2\/media\/16593"}],"wp:attachment":[{"href":"https:\/\/www.lacavedeslecteurs.com\/index.php\/wp-json\/wp\/v2\/media?parent=11077"}],"wp:term":[{"taxonomy":"product_brand","embeddable":true,"href":"https:\/\/www.lacavedeslecteurs.com\/index.php\/wp-json\/wp\/v2\/product_brand?post=11077"},{"taxonomy":"product_cat","embeddable":true,"href":"https:\/\/www.lacavedeslecteurs.com\/index.php\/wp-json\/wp\/v2\/product_cat?post=11077"},{"taxonomy":"product_tag","embeddable":true,"href":"https:\/\/www.lacavedeslecteurs.com\/index.php\/wp-json\/wp\/v2\/product_tag?post=11077"}],"curies":[{"name":"wp","href":"https:\/\/api.w.org\/{rel}","templated":true}]}}