{"id":11123,"date":"2025-12-31T12:55:02","date_gmt":"2025-12-31T12:55:02","guid":{"rendered":"https:\/\/www.lacavedeslecteurs.com\/index.php\/product\/marquis-de-saint-estephe-prestige\/"},"modified":"2026-02-13T15:08:44","modified_gmt":"2026-02-13T15:08:44","slug":"marquis-de-saint-estephe-prestige","status":"publish","type":"product","link":"https:\/\/www.lacavedeslecteurs.com\/index.php\/product\/marquis-de-saint-estephe-prestige\/","title":{"rendered":"Marquis de Saint-Est\u00e8phe Prestige - 2018"},"content":{"rendered":"<p>Terroir de graves o\u00f9 les c\u00e9pages bordelais prosp\u00e8rent. Un rouge friand au fruit sinc\u00e8re. Belle expression \u00e9quilibr\u00e9e dans un mill\u00e9sime exceptionnel.<\/p>\n","protected":false},"excerpt":{"rendered":"<p>Terroir de graves o\u00f9 les c\u00e9pages bordelais prosp\u00e8rent. Un rouge friand au fruit sinc\u00e8re. Belle expression \u00e9quilibr\u00e9e dans un mill\u00e9sime exceptionnel.<\/p>\n","protected":false},"featured_media":16677,"comment_status":"open","ping_status":"closed","template":"","meta":[],"product_brand":[],"product_cat":[20,365,138,27],"product_tag":[],"class_list":{"0":"post-11123","1":"product","2":"type-product","3":"status-publish","4":"has-post-thumbnail","6":"product_cat-bordeaux","7":"product_cat-categorie","8":"product_cat-couleurs","9":"product_cat-rouge","11":"first","12":"instock","13":"sale","14":"taxable","15":"shipping-taxable","16":"purchasable","17":"product-type-simple"},"_links":{"self":[{"href":"https:\/\/www.lacavedeslecteurs.com\/index.php\/wp-json\/wp\/v2\/product\/11123","targetHints":{"allow":["GET"]}}],"collection":[{"href":"https:\/\/www.lacavedeslecteurs.com\/index.php\/wp-json\/wp\/v2\/product"}],"about":[{"href":"https:\/\/www.lacavedeslecteurs.com\/index.php\/wp-json\/wp\/v2\/types\/product"}],"replies":[{"embeddable":true,"href":"https:\/\/www.lacavedeslecteurs.com\/index.php\/wp-json\/wp\/v2\/comments?post=11123"}],"wp:featuredmedia":[{"embeddable":true,"href":"https:\/\/www.lacavedeslecteurs.com\/index.php\/wp-json\/wp\/v2\/media\/16677"}],"wp:attachment":[{"href":"https:\/\/www.lacavedeslecteurs.com\/index.php\/wp-json\/wp\/v2\/media?parent=11123"}],"wp:term":[{"taxonomy":"product_brand","embeddable":true,"href":"https:\/\/www.lacavedeslecteurs.com\/index.php\/wp-json\/wp\/v2\/product_brand?post=11123"},{"taxonomy":"product_cat","embeddable":true,"href":"https:\/\/www.lacavedeslecteurs.com\/index.php\/wp-json\/wp\/v2\/product_cat?post=11123"},{"taxonomy":"product_tag","embeddable":true,"href":"https:\/\/www.lacavedeslecteurs.com\/index.php\/wp-json\/wp\/v2\/product_tag?post=11123"}],"curies":[{"name":"wp","href":"https:\/\/api.w.org\/{rel}","templated":true}]}}