{"id":11135,"date":"2025-12-31T12:55:08","date_gmt":"2025-12-31T12:55:08","guid":{"rendered":"https:\/\/www.lacavedeslecteurs.com\/index.php\/product\/lacoste-borie\/"},"modified":"2026-02-13T15:06:40","modified_gmt":"2026-02-13T15:06:40","slug":"lacoste-borie","status":"publish","type":"product","link":"https:\/\/www.lacavedeslecteurs.com\/index.php\/product\/lacoste-borie\/","title":{"rendered":"Lacoste Borie - 2019"},"content":{"rendered":"<p>Vin \u00e9l\u00e9gant et fruit\u00e9 qui pr\u00e9sente des tannins bien ronds et une saveur de cr\u00e8me de cassis. Saura s\u2019appr\u00e9cier d\u00e8s les premi\u00e8res ann\u00e9es mais gagnera en rondeur dans ce mill\u00e9sime 2018 d&rsquo;anthologie.<\/p>\n","protected":false},"excerpt":{"rendered":"<p>Vin \u00e9l\u00e9gant et fruit\u00e9 qui pr\u00e9sente des tannins bien ronds et une saveur de cr\u00e8me de cassis. Saura s\u2019appr\u00e9cier d\u00e8s les premi\u00e8res ann\u00e9es mais gagnera en rondeur dans ce mill\u00e9sime 2018 d&rsquo;anthologie.<\/p>\n","protected":false},"featured_media":16620,"comment_status":"open","ping_status":"closed","template":"","meta":[],"product_brand":[],"product_cat":[20,365,138,27],"product_tag":[],"class_list":{"0":"post-11135","1":"product","2":"type-product","3":"status-publish","4":"has-post-thumbnail","6":"product_cat-bordeaux","7":"product_cat-categorie","8":"product_cat-couleurs","9":"product_cat-rouge","11":"first","12":"instock","13":"sale","14":"taxable","15":"shipping-taxable","16":"purchasable","17":"product-type-simple"},"_links":{"self":[{"href":"https:\/\/www.lacavedeslecteurs.com\/index.php\/wp-json\/wp\/v2\/product\/11135","targetHints":{"allow":["GET"]}}],"collection":[{"href":"https:\/\/www.lacavedeslecteurs.com\/index.php\/wp-json\/wp\/v2\/product"}],"about":[{"href":"https:\/\/www.lacavedeslecteurs.com\/index.php\/wp-json\/wp\/v2\/types\/product"}],"replies":[{"embeddable":true,"href":"https:\/\/www.lacavedeslecteurs.com\/index.php\/wp-json\/wp\/v2\/comments?post=11135"}],"wp:featuredmedia":[{"embeddable":true,"href":"https:\/\/www.lacavedeslecteurs.com\/index.php\/wp-json\/wp\/v2\/media\/16620"}],"wp:attachment":[{"href":"https:\/\/www.lacavedeslecteurs.com\/index.php\/wp-json\/wp\/v2\/media?parent=11135"}],"wp:term":[{"taxonomy":"product_brand","embeddable":true,"href":"https:\/\/www.lacavedeslecteurs.com\/index.php\/wp-json\/wp\/v2\/product_brand?post=11135"},{"taxonomy":"product_cat","embeddable":true,"href":"https:\/\/www.lacavedeslecteurs.com\/index.php\/wp-json\/wp\/v2\/product_cat?post=11135"},{"taxonomy":"product_tag","embeddable":true,"href":"https:\/\/www.lacavedeslecteurs.com\/index.php\/wp-json\/wp\/v2\/product_tag?post=11135"}],"curies":[{"name":"wp","href":"https:\/\/api.w.org\/{rel}","templated":true}]}}