{"id":11333,"date":"2025-12-31T12:57:25","date_gmt":"2025-12-31T12:57:25","guid":{"rendered":"https:\/\/www.lacavedeslecteurs.com\/index.php\/product\/domaine-jean-noel-gagnard-cuvee-lestimee\/"},"modified":"2026-02-13T15:10:32","modified_gmt":"2026-02-13T15:10:32","slug":"domaine-jean-noel-gagnard-cuvee-lestimee","status":"publish","type":"product","link":"https:\/\/www.lacavedeslecteurs.com\/index.php\/product\/domaine-jean-noel-gagnard-cuvee-lestimee\/","title":{"rendered":"Domaine Jean-No\u00ebl Gagnard Cuv\u00e9e l&rsquo;Estim\u00e9e - 2020"},"content":{"rendered":"<p>Des vins vinifi\u00e9s par une femme, au style discret qui s&rsquo;imposent en milieu de palais pour g\u00e9n\u00e9rer une grande \u00e9motion, renouvel\u00e9e \u00e0 chaque gorg\u00e9e. Un must en C\u00f4te de Beaune<\/p>\n","protected":false},"excerpt":{"rendered":"<p>Des vins vinifi\u00e9s par une femme, au style discret qui s&rsquo;imposent en milieu de palais pour g\u00e9n\u00e9rer une grande \u00e9motion, renouvel\u00e9e \u00e0 chaque gorg\u00e9e. Un must en C\u00f4te de Beaune<\/p>\n","protected":false},"featured_media":16729,"comment_status":"open","ping_status":"closed","template":"","meta":[],"product_brand":[],"product_cat":[21,365,138,27],"product_tag":[],"class_list":{"0":"post-11333","1":"product","2":"type-product","3":"status-publish","4":"has-post-thumbnail","6":"product_cat-bourgogne","7":"product_cat-categorie","8":"product_cat-couleurs","9":"product_cat-rouge","11":"first","12":"instock","13":"sale","14":"taxable","15":"shipping-taxable","16":"purchasable","17":"product-type-simple"},"_links":{"self":[{"href":"https:\/\/www.lacavedeslecteurs.com\/index.php\/wp-json\/wp\/v2\/product\/11333","targetHints":{"allow":["GET"]}}],"collection":[{"href":"https:\/\/www.lacavedeslecteurs.com\/index.php\/wp-json\/wp\/v2\/product"}],"about":[{"href":"https:\/\/www.lacavedeslecteurs.com\/index.php\/wp-json\/wp\/v2\/types\/product"}],"replies":[{"embeddable":true,"href":"https:\/\/www.lacavedeslecteurs.com\/index.php\/wp-json\/wp\/v2\/comments?post=11333"}],"wp:featuredmedia":[{"embeddable":true,"href":"https:\/\/www.lacavedeslecteurs.com\/index.php\/wp-json\/wp\/v2\/media\/16729"}],"wp:attachment":[{"href":"https:\/\/www.lacavedeslecteurs.com\/index.php\/wp-json\/wp\/v2\/media?parent=11333"}],"wp:term":[{"taxonomy":"product_brand","embeddable":true,"href":"https:\/\/www.lacavedeslecteurs.com\/index.php\/wp-json\/wp\/v2\/product_brand?post=11333"},{"taxonomy":"product_cat","embeddable":true,"href":"https:\/\/www.lacavedeslecteurs.com\/index.php\/wp-json\/wp\/v2\/product_cat?post=11333"},{"taxonomy":"product_tag","embeddable":true,"href":"https:\/\/www.lacavedeslecteurs.com\/index.php\/wp-json\/wp\/v2\/product_tag?post=11333"}],"curies":[{"name":"wp","href":"https:\/\/api.w.org\/{rel}","templated":true}]}}