{"id":11382,"date":"2025-12-31T12:57:59","date_gmt":"2025-12-31T12:57:59","guid":{"rendered":"https:\/\/www.lacavedeslecteurs.com\/index.php\/product\/domaine-du-vieux-college-les-vignes-marie-bio\/"},"modified":"2026-02-13T15:18:58","modified_gmt":"2026-02-13T15:18:58","slug":"domaine-du-vieux-college-les-vignes-marie-bio","status":"publish","type":"product","link":"https:\/\/www.lacavedeslecteurs.com\/index.php\/product\/domaine-du-vieux-college-les-vignes-marie-bio\/","title":{"rendered":"Domaine du Vieux Coll\u00e8ge Les Vignes Marie BIO - 2020"},"content":{"rendered":"<p>Appellation du sud de la Bourgogne, pr\u00e8s de M\u00e2con-sur-Saone, qui produit de beaux chardonnay \u00e0 prix doux. Au nez, on se r\u00e9gale : acacia, ch\u00e8vrefeuille, citronnelle et p\u00eache blanche. A d\u00e9guster sur une assiette de fruits de mer.<\/p>\n","protected":false},"excerpt":{"rendered":"<p>Appellation du sud de la Bourgogne, pr\u00e8s de M\u00e2con-sur-Saone, qui produit de beaux chardonnay \u00e0 prix doux. Au nez, on se r\u00e9gale : acacia, ch\u00e8vrefeuille, citronnelle et p\u00eache blanche. A d\u00e9guster sur une assiette de fruits de mer.<\/p>\n","protected":false},"featured_media":16752,"comment_status":"open","ping_status":"closed","template":"","meta":[],"product_brand":[],"product_cat":[41,21,365,138],"product_tag":[],"class_list":{"0":"post-11382","1":"product","2":"type-product","3":"status-publish","4":"has-post-thumbnail","6":"product_cat-blanc","7":"product_cat-bourgogne","8":"product_cat-categorie","9":"product_cat-couleurs","11":"first","12":"instock","13":"sale","14":"taxable","15":"shipping-taxable","16":"purchasable","17":"product-type-simple"},"_links":{"self":[{"href":"https:\/\/www.lacavedeslecteurs.com\/index.php\/wp-json\/wp\/v2\/product\/11382","targetHints":{"allow":["GET"]}}],"collection":[{"href":"https:\/\/www.lacavedeslecteurs.com\/index.php\/wp-json\/wp\/v2\/product"}],"about":[{"href":"https:\/\/www.lacavedeslecteurs.com\/index.php\/wp-json\/wp\/v2\/types\/product"}],"replies":[{"embeddable":true,"href":"https:\/\/www.lacavedeslecteurs.com\/index.php\/wp-json\/wp\/v2\/comments?post=11382"}],"wp:featuredmedia":[{"embeddable":true,"href":"https:\/\/www.lacavedeslecteurs.com\/index.php\/wp-json\/wp\/v2\/media\/16752"}],"wp:attachment":[{"href":"https:\/\/www.lacavedeslecteurs.com\/index.php\/wp-json\/wp\/v2\/media?parent=11382"}],"wp:term":[{"taxonomy":"product_brand","embeddable":true,"href":"https:\/\/www.lacavedeslecteurs.com\/index.php\/wp-json\/wp\/v2\/product_brand?post=11382"},{"taxonomy":"product_cat","embeddable":true,"href":"https:\/\/www.lacavedeslecteurs.com\/index.php\/wp-json\/wp\/v2\/product_cat?post=11382"},{"taxonomy":"product_tag","embeddable":true,"href":"https:\/\/www.lacavedeslecteurs.com\/index.php\/wp-json\/wp\/v2\/product_tag?post=11382"}],"curies":[{"name":"wp","href":"https:\/\/api.w.org\/{rel}","templated":true}]}}