{"id":11417,"date":"2025-12-31T12:58:29","date_gmt":"2025-12-31T12:58:29","guid":{"rendered":"https:\/\/www.lacavedeslecteurs.com\/index.php\/product\/domaine-de-la-soufrandiere-en-chatenay-zen-bio\/"},"modified":"2026-02-13T15:19:41","modified_gmt":"2026-02-13T15:19:41","slug":"domaine-de-la-soufrandiere-en-chatenay-zen-bio","status":"publish","type":"product","link":"https:\/\/www.lacavedeslecteurs.com\/index.php\/product\/domaine-de-la-soufrandiere-en-chatenay-zen-bio\/","title":{"rendered":"Domaine de La Soufrandi\u00e8re En Chatenay Zen BIO - 2020"},"content":{"rendered":"<p>La bouche est un pur concentr\u00e9 d\u2019\u00e9nergie et de plaisir avec une touche acidul\u00e9e de rhubarbe confite. La droiture et la longueur de la finale attestent qu\u2019il s\u2019agit d\u2019un grand Pouilly-Fuiss\u00e9. Certes zen, mais surtout, tr\u00e8s beau et inspir\u00e9.<\/p>\n","protected":false},"excerpt":{"rendered":"<p>La bouche est un pur concentr\u00e9 d\u2019\u00e9nergie et de plaisir avec une touche acidul\u00e9e de rhubarbe confite. La droiture et la longueur de la finale attestent qu\u2019il s\u2019agit d\u2019un grand Pouilly-Fuiss\u00e9. Certes zen, mais surtout, tr\u00e8s beau et inspir\u00e9.<\/p>\n","protected":false},"featured_media":16768,"comment_status":"open","ping_status":"closed","template":"","meta":[],"product_brand":[],"product_cat":[41,21,365,138],"product_tag":[],"class_list":{"0":"post-11417","1":"product","2":"type-product","3":"status-publish","4":"has-post-thumbnail","6":"product_cat-blanc","7":"product_cat-bourgogne","8":"product_cat-categorie","9":"product_cat-couleurs","11":"first","12":"instock","13":"sale","14":"taxable","15":"shipping-taxable","16":"purchasable","17":"product-type-simple"},"_links":{"self":[{"href":"https:\/\/www.lacavedeslecteurs.com\/index.php\/wp-json\/wp\/v2\/product\/11417","targetHints":{"allow":["GET"]}}],"collection":[{"href":"https:\/\/www.lacavedeslecteurs.com\/index.php\/wp-json\/wp\/v2\/product"}],"about":[{"href":"https:\/\/www.lacavedeslecteurs.com\/index.php\/wp-json\/wp\/v2\/types\/product"}],"replies":[{"embeddable":true,"href":"https:\/\/www.lacavedeslecteurs.com\/index.php\/wp-json\/wp\/v2\/comments?post=11417"}],"wp:featuredmedia":[{"embeddable":true,"href":"https:\/\/www.lacavedeslecteurs.com\/index.php\/wp-json\/wp\/v2\/media\/16768"}],"wp:attachment":[{"href":"https:\/\/www.lacavedeslecteurs.com\/index.php\/wp-json\/wp\/v2\/media?parent=11417"}],"wp:term":[{"taxonomy":"product_brand","embeddable":true,"href":"https:\/\/www.lacavedeslecteurs.com\/index.php\/wp-json\/wp\/v2\/product_brand?post=11417"},{"taxonomy":"product_cat","embeddable":true,"href":"https:\/\/www.lacavedeslecteurs.com\/index.php\/wp-json\/wp\/v2\/product_cat?post=11417"},{"taxonomy":"product_tag","embeddable":true,"href":"https:\/\/www.lacavedeslecteurs.com\/index.php\/wp-json\/wp\/v2\/product_tag?post=11417"}],"curies":[{"name":"wp","href":"https:\/\/api.w.org\/{rel}","templated":true}]}}