{"id":11450,"date":"2025-12-31T12:58:59","date_gmt":"2025-12-31T12:58:59","guid":{"rendered":"https:\/\/www.lacavedeslecteurs.com\/index.php\/product\/maison-louis-latour-les-quatre-journaux\/"},"modified":"2026-02-13T15:22:42","modified_gmt":"2026-02-13T15:22:42","slug":"maison-louis-latour-les-quatre-journaux","status":"publish","type":"product","link":"https:\/\/www.lacavedeslecteurs.com\/index.php\/product\/maison-louis-latour-les-quatre-journaux\/","title":{"rendered":"Maison Louis Latour Les Quatre Journaux - 2019"},"content":{"rendered":"<p>Un parfum intense de cassis, de moka et de r\u00e9glisse suivi de notes toast\u00e9es. Au palais, c&rsquo;est un vin ample et soyeux aux ar\u00f4mes de r\u00e9glisse et de cassis. La finale est fra\u00eeche avec une extraordinaire persistance. <\/p>\n","protected":false},"excerpt":{"rendered":"<p>Un parfum intense de cassis, de moka et de r\u00e9glisse suivi de notes toast\u00e9es. Au palais, c&rsquo;est un vin ample et soyeux aux ar\u00f4mes de r\u00e9glisse et de cassis. La finale est fra\u00eeche avec une extraordinaire persistance.<\/p>\n","protected":false},"featured_media":16788,"comment_status":"open","ping_status":"closed","template":"","meta":[],"product_brand":[],"product_cat":[21,365,138,27],"product_tag":[],"class_list":{"0":"post-11450","1":"product","2":"type-product","3":"status-publish","4":"has-post-thumbnail","6":"product_cat-bourgogne","7":"product_cat-categorie","8":"product_cat-couleurs","9":"product_cat-rouge","11":"first","12":"instock","13":"sale","14":"taxable","15":"shipping-taxable","16":"purchasable","17":"product-type-simple"},"_links":{"self":[{"href":"https:\/\/www.lacavedeslecteurs.com\/index.php\/wp-json\/wp\/v2\/product\/11450","targetHints":{"allow":["GET"]}}],"collection":[{"href":"https:\/\/www.lacavedeslecteurs.com\/index.php\/wp-json\/wp\/v2\/product"}],"about":[{"href":"https:\/\/www.lacavedeslecteurs.com\/index.php\/wp-json\/wp\/v2\/types\/product"}],"replies":[{"embeddable":true,"href":"https:\/\/www.lacavedeslecteurs.com\/index.php\/wp-json\/wp\/v2\/comments?post=11450"}],"wp:featuredmedia":[{"embeddable":true,"href":"https:\/\/www.lacavedeslecteurs.com\/index.php\/wp-json\/wp\/v2\/media\/16788"}],"wp:attachment":[{"href":"https:\/\/www.lacavedeslecteurs.com\/index.php\/wp-json\/wp\/v2\/media?parent=11450"}],"wp:term":[{"taxonomy":"product_brand","embeddable":true,"href":"https:\/\/www.lacavedeslecteurs.com\/index.php\/wp-json\/wp\/v2\/product_brand?post=11450"},{"taxonomy":"product_cat","embeddable":true,"href":"https:\/\/www.lacavedeslecteurs.com\/index.php\/wp-json\/wp\/v2\/product_cat?post=11450"},{"taxonomy":"product_tag","embeddable":true,"href":"https:\/\/www.lacavedeslecteurs.com\/index.php\/wp-json\/wp\/v2\/product_tag?post=11450"}],"curies":[{"name":"wp","href":"https:\/\/api.w.org\/{rel}","templated":true}]}}