{"id":11531,"date":"2025-12-31T13:00:27","date_gmt":"2025-12-31T13:00:27","guid":{"rendered":"https:\/\/www.lacavedeslecteurs.com\/index.php\/product\/domaine-rostaing-ampodium\/"},"modified":"2026-02-13T15:37:07","modified_gmt":"2026-02-13T15:37:07","slug":"domaine-rostaing-ampodium","status":"publish","type":"product","link":"https:\/\/www.lacavedeslecteurs.com\/index.php\/product\/domaine-rostaing-ampodium\/","title":{"rendered":"Domaine Rostaing Ampodium - 2019"},"content":{"rendered":"<p>Domaine pionnier en C\u00d4TE-R\u00d4TIE, port\u00e9e par une approche traditionnelle, technique et sans improvisation. Les vins sont assez aust\u00e8res et l&rsquo;excellence se d\u00e9voile avec le temps. Un vin mythique accessible uniquement en petites quantit\u00e9s&#8230; Rares sont les amateurs qui ont la chance d&rsquo;en avoir en cave\u2026<\/p>\n","protected":false},"excerpt":{"rendered":"<p>Domaine pionnier en C\u00d4TE-R\u00d4TIE, port\u00e9e par une approche traditionnelle, technique et sans improvisation. Les vins sont assez aust\u00e8res et l&rsquo;excellence se d\u00e9voile avec le temps. Un vin mythique accessible uniquement en petites quantit\u00e9s&#8230; Rares sont les amateurs qui ont la chance d&rsquo;en avoir en cave\u2026<\/p>\n","protected":false},"featured_media":16966,"comment_status":"open","ping_status":"closed","template":"","meta":[],"product_brand":[],"product_cat":[365,138,66,27],"product_tag":[],"class_list":{"0":"post-11531","1":"product","2":"type-product","3":"status-publish","4":"has-post-thumbnail","6":"product_cat-categorie","7":"product_cat-couleurs","8":"product_cat-rhone","9":"product_cat-rouge","11":"first","12":"instock","13":"sale","14":"taxable","15":"shipping-taxable","16":"purchasable","17":"product-type-simple"},"_links":{"self":[{"href":"https:\/\/www.lacavedeslecteurs.com\/index.php\/wp-json\/wp\/v2\/product\/11531","targetHints":{"allow":["GET"]}}],"collection":[{"href":"https:\/\/www.lacavedeslecteurs.com\/index.php\/wp-json\/wp\/v2\/product"}],"about":[{"href":"https:\/\/www.lacavedeslecteurs.com\/index.php\/wp-json\/wp\/v2\/types\/product"}],"replies":[{"embeddable":true,"href":"https:\/\/www.lacavedeslecteurs.com\/index.php\/wp-json\/wp\/v2\/comments?post=11531"}],"wp:featuredmedia":[{"embeddable":true,"href":"https:\/\/www.lacavedeslecteurs.com\/index.php\/wp-json\/wp\/v2\/media\/16966"}],"wp:attachment":[{"href":"https:\/\/www.lacavedeslecteurs.com\/index.php\/wp-json\/wp\/v2\/media?parent=11531"}],"wp:term":[{"taxonomy":"product_brand","embeddable":true,"href":"https:\/\/www.lacavedeslecteurs.com\/index.php\/wp-json\/wp\/v2\/product_brand?post=11531"},{"taxonomy":"product_cat","embeddable":true,"href":"https:\/\/www.lacavedeslecteurs.com\/index.php\/wp-json\/wp\/v2\/product_cat?post=11531"},{"taxonomy":"product_tag","embeddable":true,"href":"https:\/\/www.lacavedeslecteurs.com\/index.php\/wp-json\/wp\/v2\/product_tag?post=11531"}],"curies":[{"name":"wp","href":"https:\/\/api.w.org\/{rel}","templated":true}]}}