{"id":11547,"date":"2025-12-31T13:00:33","date_gmt":"2025-12-31T13:00:33","guid":{"rendered":"https:\/\/www.lacavedeslecteurs.com\/index.php\/product\/domaine-du-clos-des-fees-le-clos-des-fees\/"},"modified":"2026-02-13T15:40:53","modified_gmt":"2026-02-13T15:40:53","slug":"domaine-du-clos-des-fees-le-clos-des-fees","status":"publish","type":"product","link":"https:\/\/www.lacavedeslecteurs.com\/index.php\/product\/domaine-du-clos-des-fees-le-clos-des-fees\/","title":{"rendered":"Domaine du Clos des F\u00e9es Le Clos des F\u00e9es - 2019"},"content":{"rendered":"<p>Une expression ensorcelante des vieilles vignes de plus de 50 ans de Grenache et LLadoner Pelut. Vin naturellement concentr\u00e9, mais sans exc\u00e8s. Des tanins soyeux pour un plaisir imm\u00e9diat. A encaver 3 ans.<\/p>\n","protected":false},"excerpt":{"rendered":"<p>Une expression ensorcelante des vieilles vignes de plus de 50 ans de Grenache et LLadoner Pelut. Vin naturellement concentr\u00e9, mais sans exc\u00e8s. Des tanins soyeux pour un plaisir imm\u00e9diat. A encaver 3 ans.<\/p>\n","protected":false},"featured_media":17084,"comment_status":"open","ping_status":"closed","template":"","meta":[],"product_brand":[],"product_cat":[365,138,27,54],"product_tag":[],"class_list":{"0":"post-11547","1":"product","2":"type-product","3":"status-publish","4":"has-post-thumbnail","6":"product_cat-categorie","7":"product_cat-couleurs","8":"product_cat-rouge","9":"product_cat-vins-du-sud","11":"first","12":"instock","13":"sale","14":"taxable","15":"shipping-taxable","16":"purchasable","17":"product-type-simple"},"_links":{"self":[{"href":"https:\/\/www.lacavedeslecteurs.com\/index.php\/wp-json\/wp\/v2\/product\/11547","targetHints":{"allow":["GET"]}}],"collection":[{"href":"https:\/\/www.lacavedeslecteurs.com\/index.php\/wp-json\/wp\/v2\/product"}],"about":[{"href":"https:\/\/www.lacavedeslecteurs.com\/index.php\/wp-json\/wp\/v2\/types\/product"}],"replies":[{"embeddable":true,"href":"https:\/\/www.lacavedeslecteurs.com\/index.php\/wp-json\/wp\/v2\/comments?post=11547"}],"wp:featuredmedia":[{"embeddable":true,"href":"https:\/\/www.lacavedeslecteurs.com\/index.php\/wp-json\/wp\/v2\/media\/17084"}],"wp:attachment":[{"href":"https:\/\/www.lacavedeslecteurs.com\/index.php\/wp-json\/wp\/v2\/media?parent=11547"}],"wp:term":[{"taxonomy":"product_brand","embeddable":true,"href":"https:\/\/www.lacavedeslecteurs.com\/index.php\/wp-json\/wp\/v2\/product_brand?post=11547"},{"taxonomy":"product_cat","embeddable":true,"href":"https:\/\/www.lacavedeslecteurs.com\/index.php\/wp-json\/wp\/v2\/product_cat?post=11547"},{"taxonomy":"product_tag","embeddable":true,"href":"https:\/\/www.lacavedeslecteurs.com\/index.php\/wp-json\/wp\/v2\/product_tag?post=11547"}],"curies":[{"name":"wp","href":"https:\/\/api.w.org\/{rel}","templated":true}]}}