{"id":11563,"date":"2025-12-31T13:00:42","date_gmt":"2025-12-31T13:00:42","guid":{"rendered":"https:\/\/www.lacavedeslecteurs.com\/index.php\/product\/gosset-cuvee-celebris\/"},"modified":"2026-02-13T15:33:44","modified_gmt":"2026-02-13T15:33:44","slug":"gosset-cuvee-celebris","status":"publish","type":"product","link":"https:\/\/www.lacavedeslecteurs.com\/index.php\/product\/gosset-cuvee-celebris\/","title":{"rendered":"Gosset Cuv\u00e9e C\u00e9l\u00e9bris - 2007"},"content":{"rendered":"<p>La cuv\u00e9e phare de la plus ancienne maison de vins de Champagne offre au d\u00e9gustateur un grand voyage sensoriel : finesse, fra\u00eecheur, \u00e9l\u00e9gance et complexit\u00e9 sont au rendez vous. A d\u00e9couvrir absolument.<\/p>\n","protected":false},"excerpt":{"rendered":"<p>La cuv\u00e9e phare de la plus ancienne maison de vins de Champagne offre au d\u00e9gustateur un grand voyage sensoriel : finesse, fra\u00eecheur, \u00e9l\u00e9gance et complexit\u00e9 sont au rendez vous. A d\u00e9couvrir absolument.<\/p>\n","protected":false},"featured_media":16864,"comment_status":"open","ping_status":"closed","template":"","meta":[],"product_brand":[],"product_cat":[41,365,19,138],"product_tag":[],"class_list":{"0":"post-11563","1":"product","2":"type-product","3":"status-publish","4":"has-post-thumbnail","6":"product_cat-blanc","7":"product_cat-categorie","8":"product_cat-champagne","9":"product_cat-couleurs","11":"first","12":"instock","13":"sale","14":"taxable","15":"shipping-taxable","16":"purchasable","17":"product-type-simple"},"_links":{"self":[{"href":"https:\/\/www.lacavedeslecteurs.com\/index.php\/wp-json\/wp\/v2\/product\/11563","targetHints":{"allow":["GET"]}}],"collection":[{"href":"https:\/\/www.lacavedeslecteurs.com\/index.php\/wp-json\/wp\/v2\/product"}],"about":[{"href":"https:\/\/www.lacavedeslecteurs.com\/index.php\/wp-json\/wp\/v2\/types\/product"}],"replies":[{"embeddable":true,"href":"https:\/\/www.lacavedeslecteurs.com\/index.php\/wp-json\/wp\/v2\/comments?post=11563"}],"wp:featuredmedia":[{"embeddable":true,"href":"https:\/\/www.lacavedeslecteurs.com\/index.php\/wp-json\/wp\/v2\/media\/16864"}],"wp:attachment":[{"href":"https:\/\/www.lacavedeslecteurs.com\/index.php\/wp-json\/wp\/v2\/media?parent=11563"}],"wp:term":[{"taxonomy":"product_brand","embeddable":true,"href":"https:\/\/www.lacavedeslecteurs.com\/index.php\/wp-json\/wp\/v2\/product_brand?post=11563"},{"taxonomy":"product_cat","embeddable":true,"href":"https:\/\/www.lacavedeslecteurs.com\/index.php\/wp-json\/wp\/v2\/product_cat?post=11563"},{"taxonomy":"product_tag","embeddable":true,"href":"https:\/\/www.lacavedeslecteurs.com\/index.php\/wp-json\/wp\/v2\/product_tag?post=11563"}],"curies":[{"name":"wp","href":"https:\/\/api.w.org\/{rel}","templated":true}]}}