{"id":11565,"date":"2025-12-31T13:00:42","date_gmt":"2025-12-31T13:00:42","guid":{"rendered":"https:\/\/www.lacavedeslecteurs.com\/index.php\/product\/trois-rivieres-triple-millesime-2001-2005-2011-42-origine-martinique\/"},"modified":"2026-02-13T15:38:35","modified_gmt":"2026-02-13T15:38:35","slug":"trois-rivieres-triple-millesime-2001-2005-2011-42-origine-martinique","status":"publish","type":"product","link":"https:\/\/www.lacavedeslecteurs.com\/index.php\/product\/trois-rivieres-triple-millesime-2001-2005-2011-42-origine-martinique\/","title":{"rendered":"Trois Rivi\u00e8res Triple Mill\u00e9sime 2001 &#8211; 2005 &#8211; 2011 &#8211; 42% Origine Martinique"},"content":{"rendered":"<p>Issus de la r\u00e9colte de pur jus de canne \u00e0 sucre, ces rhums vieux mill\u00e9sim\u00e9s, vieillis en f\u00fbts de ch\u00eane selon les r\u00e8gles rigoureuses de l\u2019AOC, pr\u00e9sentent les caract\u00e9ristiques aromatiques et puissantes d\u2019ann\u00e9es de production exceptionnelles.<\/p>\n","protected":false},"excerpt":{"rendered":"<p>Issus de la r\u00e9colte de pur jus de canne \u00e0 sucre, ces rhums vieux mill\u00e9sim\u00e9s, vieillis en f\u00fbts de ch\u00eane selon les r\u00e8gles rigoureuses de l\u2019AOC, pr\u00e9sentent les caract\u00e9ristiques aromatiques et puissantes d\u2019ann\u00e9es de production exceptionnelles.<\/p>\n","protected":false},"featured_media":17014,"comment_status":"open","ping_status":"closed","template":"","meta":[],"product_brand":[],"product_cat":[365,59],"product_tag":[],"class_list":{"0":"post-11565","1":"product","2":"type-product","3":"status-publish","4":"has-post-thumbnail","6":"product_cat-categorie","7":"product_cat-spiritueux","9":"first","10":"instock","11":"sale","12":"taxable","13":"shipping-taxable","14":"purchasable","15":"product-type-simple"},"_links":{"self":[{"href":"https:\/\/www.lacavedeslecteurs.com\/index.php\/wp-json\/wp\/v2\/product\/11565","targetHints":{"allow":["GET"]}}],"collection":[{"href":"https:\/\/www.lacavedeslecteurs.com\/index.php\/wp-json\/wp\/v2\/product"}],"about":[{"href":"https:\/\/www.lacavedeslecteurs.com\/index.php\/wp-json\/wp\/v2\/types\/product"}],"replies":[{"embeddable":true,"href":"https:\/\/www.lacavedeslecteurs.com\/index.php\/wp-json\/wp\/v2\/comments?post=11565"}],"wp:featuredmedia":[{"embeddable":true,"href":"https:\/\/www.lacavedeslecteurs.com\/index.php\/wp-json\/wp\/v2\/media\/17014"}],"wp:attachment":[{"href":"https:\/\/www.lacavedeslecteurs.com\/index.php\/wp-json\/wp\/v2\/media?parent=11565"}],"wp:term":[{"taxonomy":"product_brand","embeddable":true,"href":"https:\/\/www.lacavedeslecteurs.com\/index.php\/wp-json\/wp\/v2\/product_brand?post=11565"},{"taxonomy":"product_cat","embeddable":true,"href":"https:\/\/www.lacavedeslecteurs.com\/index.php\/wp-json\/wp\/v2\/product_cat?post=11565"},{"taxonomy":"product_tag","embeddable":true,"href":"https:\/\/www.lacavedeslecteurs.com\/index.php\/wp-json\/wp\/v2\/product_tag?post=11565"}],"curies":[{"name":"wp","href":"https:\/\/api.w.org\/{rel}","templated":true}]}}