{"id":11573,"date":"2025-12-31T13:00:44","date_gmt":"2025-12-31T13:00:44","guid":{"rendered":"https:\/\/www.lacavedeslecteurs.com\/index.php\/product\/champagne-devaux-cuvee-d-brut\/"},"modified":"2026-02-13T15:33:52","modified_gmt":"2026-02-13T15:33:52","slug":"champagne-devaux-cuvee-d-brut","status":"publish","type":"product","link":"https:\/\/www.lacavedeslecteurs.com\/index.php\/product\/champagne-devaux-cuvee-d-brut\/","title":{"rendered":"Champagne Devaux \u00ab\u00a0Cuv\u00e9e D\u00a0\u00bb Brut"},"content":{"rendered":"<p>Cuv\u00e9e D constitue la quintessence de la Maison produite \u00e0 partir du c\u0153ur de cuv\u00e9e, la meilleure qualit\u00e9 du marc press\u00e9. Le vin est \u00e9lev\u00e9 5 ans en cave. Uhampagne de gastronomie \u00e0 la robe or, au nez \u00e9panoui et \u00e0 la bouche fra\u00eeche et enrob\u00e9e.<\/p>\n","protected":false},"excerpt":{"rendered":"<p>Cuv\u00e9e D constitue la quintessence de la Maison produite \u00e0 partir du c\u0153ur de cuv\u00e9e, la meilleure qualit\u00e9 du marc press\u00e9. Le vin est \u00e9lev\u00e9 5 ans en cave. Uhampagne de gastronomie \u00e0 la robe or, au nez \u00e9panoui et \u00e0 la bouche fra\u00eeche et enrob\u00e9e.<\/p>\n","protected":false},"featured_media":16868,"comment_status":"open","ping_status":"closed","template":"","meta":[],"product_brand":[],"product_cat":[41,365,19,138],"product_tag":[],"class_list":{"0":"post-11573","1":"product","2":"type-product","3":"status-publish","4":"has-post-thumbnail","6":"product_cat-blanc","7":"product_cat-categorie","8":"product_cat-champagne","9":"product_cat-couleurs","11":"first","12":"instock","13":"sale","14":"taxable","15":"shipping-taxable","16":"purchasable","17":"product-type-simple"},"_links":{"self":[{"href":"https:\/\/www.lacavedeslecteurs.com\/index.php\/wp-json\/wp\/v2\/product\/11573","targetHints":{"allow":["GET"]}}],"collection":[{"href":"https:\/\/www.lacavedeslecteurs.com\/index.php\/wp-json\/wp\/v2\/product"}],"about":[{"href":"https:\/\/www.lacavedeslecteurs.com\/index.php\/wp-json\/wp\/v2\/types\/product"}],"replies":[{"embeddable":true,"href":"https:\/\/www.lacavedeslecteurs.com\/index.php\/wp-json\/wp\/v2\/comments?post=11573"}],"wp:featuredmedia":[{"embeddable":true,"href":"https:\/\/www.lacavedeslecteurs.com\/index.php\/wp-json\/wp\/v2\/media\/16868"}],"wp:attachment":[{"href":"https:\/\/www.lacavedeslecteurs.com\/index.php\/wp-json\/wp\/v2\/media?parent=11573"}],"wp:term":[{"taxonomy":"product_brand","embeddable":true,"href":"https:\/\/www.lacavedeslecteurs.com\/index.php\/wp-json\/wp\/v2\/product_brand?post=11573"},{"taxonomy":"product_cat","embeddable":true,"href":"https:\/\/www.lacavedeslecteurs.com\/index.php\/wp-json\/wp\/v2\/product_cat?post=11573"},{"taxonomy":"product_tag","embeddable":true,"href":"https:\/\/www.lacavedeslecteurs.com\/index.php\/wp-json\/wp\/v2\/product_tag?post=11573"}],"curies":[{"name":"wp","href":"https:\/\/api.w.org\/{rel}","templated":true}]}}