{"id":11618,"date":"2025-12-31T13:01:06","date_gmt":"2025-12-31T13:01:06","guid":{"rendered":"https:\/\/www.lacavedeslecteurs.com\/index.php\/product\/champagne-moet-chandon-reserve-imperiale-en-etui\/"},"modified":"2026-02-13T15:34:38","modified_gmt":"2026-02-13T15:34:38","slug":"champagne-moet-chandon-reserve-imperiale-en-etui","status":"publish","type":"product","link":"https:\/\/www.lacavedeslecteurs.com\/index.php\/product\/champagne-moet-chandon-reserve-imperiale-en-etui\/","title":{"rendered":"Champagne Mo\u00ebt &#038; Chandon R\u00e9serve Imp\u00e9riale, en \u00e9tui"},"content":{"rendered":"<p>La derni\u00e8re cuv\u00e9e de la Maison la plus puissante de Champagne. Robe jaune paille, cordon de bulle \u00e9l\u00e9gant. Riche et s\u00e9duisant, sur les agrumes et les fleurs blanches. Id\u00e9al de l\u2019ap\u00e9ritif aux sushis.<\/p>\n","protected":false},"excerpt":{"rendered":"<p>La derni\u00e8re cuv\u00e9e de la Maison la plus puissante de Champagne. Robe jaune paille, cordon de bulle \u00e9l\u00e9gant. Riche et s\u00e9duisant, sur les agrumes et les fleurs blanches. Id\u00e9al de l\u2019ap\u00e9ritif aux sushis.<\/p>\n","protected":false},"featured_media":16888,"comment_status":"open","ping_status":"closed","template":"","meta":[],"product_brand":[],"product_cat":[41,365,19,138],"product_tag":[],"class_list":{"0":"post-11618","1":"product","2":"type-product","3":"status-publish","4":"has-post-thumbnail","6":"product_cat-blanc","7":"product_cat-categorie","8":"product_cat-champagne","9":"product_cat-couleurs","11":"first","12":"instock","13":"sale","14":"taxable","15":"shipping-taxable","16":"purchasable","17":"product-type-simple"},"_links":{"self":[{"href":"https:\/\/www.lacavedeslecteurs.com\/index.php\/wp-json\/wp\/v2\/product\/11618","targetHints":{"allow":["GET"]}}],"collection":[{"href":"https:\/\/www.lacavedeslecteurs.com\/index.php\/wp-json\/wp\/v2\/product"}],"about":[{"href":"https:\/\/www.lacavedeslecteurs.com\/index.php\/wp-json\/wp\/v2\/types\/product"}],"replies":[{"embeddable":true,"href":"https:\/\/www.lacavedeslecteurs.com\/index.php\/wp-json\/wp\/v2\/comments?post=11618"}],"wp:featuredmedia":[{"embeddable":true,"href":"https:\/\/www.lacavedeslecteurs.com\/index.php\/wp-json\/wp\/v2\/media\/16888"}],"wp:attachment":[{"href":"https:\/\/www.lacavedeslecteurs.com\/index.php\/wp-json\/wp\/v2\/media?parent=11618"}],"wp:term":[{"taxonomy":"product_brand","embeddable":true,"href":"https:\/\/www.lacavedeslecteurs.com\/index.php\/wp-json\/wp\/v2\/product_brand?post=11618"},{"taxonomy":"product_cat","embeddable":true,"href":"https:\/\/www.lacavedeslecteurs.com\/index.php\/wp-json\/wp\/v2\/product_cat?post=11618"},{"taxonomy":"product_tag","embeddable":true,"href":"https:\/\/www.lacavedeslecteurs.com\/index.php\/wp-json\/wp\/v2\/product_tag?post=11618"}],"curies":[{"name":"wp","href":"https:\/\/api.w.org\/{rel}","templated":true}]}}