{"id":11622,"date":"2025-12-31T13:01:07","date_gmt":"2025-12-31T13:01:07","guid":{"rendered":"https:\/\/www.lacavedeslecteurs.com\/index.php\/product\/mumm-rsrv-blancs-de-blanc\/"},"modified":"2026-02-13T15:34:42","modified_gmt":"2026-02-13T15:34:42","slug":"mumm-rsrv-blancs-de-blanc","status":"publish","type":"product","link":"https:\/\/www.lacavedeslecteurs.com\/index.php\/product\/mumm-rsrv-blancs-de-blanc\/","title":{"rendered":"MUMM RSRV Blancs de Blanc - 2014"},"content":{"rendered":"<p>Totalement fid\u00e8le aux grands chardonnays de la r\u00e9gion, en particulier le village de Cramant dont il est issu, le Champagne RSRV Grand Cru Blanc de Blancs combine volume, pr\u00e9cision et consistance. C\u2019est une grande cuv\u00e9e de champagne, marqu\u00e9e par les fruits secs, la noisette, un accent finement beurr\u00e9. <\/p>\n","protected":false},"excerpt":{"rendered":"<p>Totalement fid\u00e8le aux grands chardonnays de la r\u00e9gion, en particulier le village de Cramant dont il est issu, le Champagne RSRV Grand Cru Blanc de Blancs combine volume, pr\u00e9cision et consistance. C\u2019est une grande cuv\u00e9e de champagne, marqu\u00e9e par les fruits secs, la noisette, un accent finement beurr\u00e9.<\/p>\n","protected":false},"featured_media":16890,"comment_status":"open","ping_status":"closed","template":"","meta":[],"product_brand":[],"product_cat":[41,365,19,138],"product_tag":[],"class_list":{"0":"post-11622","1":"product","2":"type-product","3":"status-publish","4":"has-post-thumbnail","6":"product_cat-blanc","7":"product_cat-categorie","8":"product_cat-champagne","9":"product_cat-couleurs","11":"first","12":"instock","13":"sale","14":"taxable","15":"shipping-taxable","16":"purchasable","17":"product-type-simple"},"_links":{"self":[{"href":"https:\/\/www.lacavedeslecteurs.com\/index.php\/wp-json\/wp\/v2\/product\/11622","targetHints":{"allow":["GET"]}}],"collection":[{"href":"https:\/\/www.lacavedeslecteurs.com\/index.php\/wp-json\/wp\/v2\/product"}],"about":[{"href":"https:\/\/www.lacavedeslecteurs.com\/index.php\/wp-json\/wp\/v2\/types\/product"}],"replies":[{"embeddable":true,"href":"https:\/\/www.lacavedeslecteurs.com\/index.php\/wp-json\/wp\/v2\/comments?post=11622"}],"wp:featuredmedia":[{"embeddable":true,"href":"https:\/\/www.lacavedeslecteurs.com\/index.php\/wp-json\/wp\/v2\/media\/16890"}],"wp:attachment":[{"href":"https:\/\/www.lacavedeslecteurs.com\/index.php\/wp-json\/wp\/v2\/media?parent=11622"}],"wp:term":[{"taxonomy":"product_brand","embeddable":true,"href":"https:\/\/www.lacavedeslecteurs.com\/index.php\/wp-json\/wp\/v2\/product_brand?post=11622"},{"taxonomy":"product_cat","embeddable":true,"href":"https:\/\/www.lacavedeslecteurs.com\/index.php\/wp-json\/wp\/v2\/product_cat?post=11622"},{"taxonomy":"product_tag","embeddable":true,"href":"https:\/\/www.lacavedeslecteurs.com\/index.php\/wp-json\/wp\/v2\/product_tag?post=11622"}],"curies":[{"name":"wp","href":"https:\/\/api.w.org\/{rel}","templated":true}]}}