{"id":11630,"date":"2025-12-31T13:01:09","date_gmt":"2025-12-31T13:01:09","guid":{"rendered":"https:\/\/www.lacavedeslecteurs.com\/index.php\/product\/champagne-piper-heidsieck-brut-essentiel\/"},"modified":"2026-02-13T15:34:49","modified_gmt":"2026-02-13T15:34:49","slug":"champagne-piper-heidsieck-brut-essentiel","status":"publish","type":"product","link":"https:\/\/www.lacavedeslecteurs.com\/index.php\/product\/champagne-piper-heidsieck-brut-essentiel\/","title":{"rendered":"Champagne Piper Heidsieck Brut Essentiel"},"content":{"rendered":"<p>La Cuv\u00e9e R\u00e9serv\u00e9e Essentiel combine des vins jeunes avec des vins de r\u00e9serve m\u00fbrs, le tout pour un long processus de maturation qui prendra 4 longues ann\u00e9es. L&rsquo;\u0153il r\u00e9v\u00e8le une couleur jaune dor\u00e9 brillant. Son bouquet est compos\u00e9 d&rsquo;\u00e9l\u00e9gantes notes d&rsquo;agrumes, de poire et une fine m\u00e9moire min\u00e9rale. La gorg\u00e9e est vigoureuse et pr\u00e9cise, avec une finale fra\u00eeche sur des notes crayeuses.<\/p>\n","protected":false},"excerpt":{"rendered":"<p>La Cuv\u00e9e R\u00e9serv\u00e9e Essentiel combine des vins jeunes avec des vins de r\u00e9serve m\u00fbrs, le tout pour un long processus de maturation qui prendra 4 longues ann\u00e9es. L&rsquo;\u0153il r\u00e9v\u00e8le une couleur jaune dor\u00e9 brillant. Son bouquet est compos\u00e9 d&rsquo;\u00e9l\u00e9gantes notes d&rsquo;agrumes, de poire et une fine m\u00e9moire min\u00e9rale. La gorg\u00e9e est vigoureuse et pr\u00e9cise, avec [&hellip;]<\/p>\n","protected":false},"featured_media":16894,"comment_status":"open","ping_status":"closed","template":"","meta":[],"product_brand":[],"product_cat":[41,365,19,138],"product_tag":[],"class_list":{"0":"post-11630","1":"product","2":"type-product","3":"status-publish","4":"has-post-thumbnail","6":"product_cat-blanc","7":"product_cat-categorie","8":"product_cat-champagne","9":"product_cat-couleurs","11":"first","12":"instock","13":"sale","14":"taxable","15":"shipping-taxable","16":"purchasable","17":"product-type-simple"},"_links":{"self":[{"href":"https:\/\/www.lacavedeslecteurs.com\/index.php\/wp-json\/wp\/v2\/product\/11630","targetHints":{"allow":["GET"]}}],"collection":[{"href":"https:\/\/www.lacavedeslecteurs.com\/index.php\/wp-json\/wp\/v2\/product"}],"about":[{"href":"https:\/\/www.lacavedeslecteurs.com\/index.php\/wp-json\/wp\/v2\/types\/product"}],"replies":[{"embeddable":true,"href":"https:\/\/www.lacavedeslecteurs.com\/index.php\/wp-json\/wp\/v2\/comments?post=11630"}],"wp:featuredmedia":[{"embeddable":true,"href":"https:\/\/www.lacavedeslecteurs.com\/index.php\/wp-json\/wp\/v2\/media\/16894"}],"wp:attachment":[{"href":"https:\/\/www.lacavedeslecteurs.com\/index.php\/wp-json\/wp\/v2\/media?parent=11630"}],"wp:term":[{"taxonomy":"product_brand","embeddable":true,"href":"https:\/\/www.lacavedeslecteurs.com\/index.php\/wp-json\/wp\/v2\/product_brand?post=11630"},{"taxonomy":"product_cat","embeddable":true,"href":"https:\/\/www.lacavedeslecteurs.com\/index.php\/wp-json\/wp\/v2\/product_cat?post=11630"},{"taxonomy":"product_tag","embeddable":true,"href":"https:\/\/www.lacavedeslecteurs.com\/index.php\/wp-json\/wp\/v2\/product_tag?post=11630"}],"curies":[{"name":"wp","href":"https:\/\/api.w.org\/{rel}","templated":true}]}}