{"id":11647,"date":"2025-12-31T13:01:15","date_gmt":"2025-12-31T13:01:15","guid":{"rendered":"https:\/\/www.lacavedeslecteurs.com\/index.php\/product\/champagne-taittinger-cuvee-prestige-brut-en-etui-diamant\/"},"modified":"2026-02-13T15:35:03","modified_gmt":"2026-02-13T15:35:03","slug":"champagne-taittinger-cuvee-prestige-brut-en-etui-diamant","status":"publish","type":"product","link":"https:\/\/www.lacavedeslecteurs.com\/index.php\/product\/champagne-taittinger-cuvee-prestige-brut-en-etui-diamant\/","title":{"rendered":"Champagne Taittinger Cuv\u00e9e Prestige, Brut, En \u00e9tui diamant"},"content":{"rendered":"<p>Obnubil\u00e9e par la qu\u00eate de l&rsquo;excellence, la famille Taittinger cultive un savoir-faire unique et cherche en permanence \u00e0 proposer une vraie signature sur ses cuv\u00e9es : vivacit\u00e9 tranchante, puret\u00e9 dans son expression fruit\u00e9e, un style peu dos\u00e9. Un champagne juste parfait de gastronomie.<\/p>\n","protected":false},"excerpt":{"rendered":"<p>Obnubil\u00e9e par la qu\u00eate de l&rsquo;excellence, la famille Taittinger cultive un savoir-faire unique et cherche en permanence \u00e0 proposer une vraie signature sur ses cuv\u00e9es : vivacit\u00e9 tranchante, puret\u00e9 dans son expression fruit\u00e9e, un style peu dos\u00e9. Un champagne juste parfait de gastronomie.<\/p>\n","protected":false},"featured_media":16902,"comment_status":"open","ping_status":"closed","template":"","meta":[],"product_brand":[],"product_cat":[41,365,19,138],"product_tag":[],"class_list":{"0":"post-11647","1":"product","2":"type-product","3":"status-publish","4":"has-post-thumbnail","6":"product_cat-blanc","7":"product_cat-categorie","8":"product_cat-champagne","9":"product_cat-couleurs","11":"first","12":"instock","13":"sale","14":"taxable","15":"shipping-taxable","16":"purchasable","17":"product-type-simple"},"_links":{"self":[{"href":"https:\/\/www.lacavedeslecteurs.com\/index.php\/wp-json\/wp\/v2\/product\/11647","targetHints":{"allow":["GET"]}}],"collection":[{"href":"https:\/\/www.lacavedeslecteurs.com\/index.php\/wp-json\/wp\/v2\/product"}],"about":[{"href":"https:\/\/www.lacavedeslecteurs.com\/index.php\/wp-json\/wp\/v2\/types\/product"}],"replies":[{"embeddable":true,"href":"https:\/\/www.lacavedeslecteurs.com\/index.php\/wp-json\/wp\/v2\/comments?post=11647"}],"wp:featuredmedia":[{"embeddable":true,"href":"https:\/\/www.lacavedeslecteurs.com\/index.php\/wp-json\/wp\/v2\/media\/16902"}],"wp:attachment":[{"href":"https:\/\/www.lacavedeslecteurs.com\/index.php\/wp-json\/wp\/v2\/media?parent=11647"}],"wp:term":[{"taxonomy":"product_brand","embeddable":true,"href":"https:\/\/www.lacavedeslecteurs.com\/index.php\/wp-json\/wp\/v2\/product_brand?post=11647"},{"taxonomy":"product_cat","embeddable":true,"href":"https:\/\/www.lacavedeslecteurs.com\/index.php\/wp-json\/wp\/v2\/product_cat?post=11647"},{"taxonomy":"product_tag","embeddable":true,"href":"https:\/\/www.lacavedeslecteurs.com\/index.php\/wp-json\/wp\/v2\/product_tag?post=11647"}],"curies":[{"name":"wp","href":"https:\/\/api.w.org\/{rel}","templated":true}]}}