{"id":11670,"date":"2025-12-31T13:01:23","date_gmt":"2025-12-31T13:01:23","guid":{"rendered":"https:\/\/www.lacavedeslecteurs.com\/index.php\/product\/chateau-de-miniere-rouge-de-miniere-bio\/"},"modified":"2026-02-13T15:35:31","modified_gmt":"2026-02-13T15:35:31","slug":"chateau-de-miniere-rouge-de-miniere-bio","status":"publish","type":"product","link":"https:\/\/www.lacavedeslecteurs.com\/index.php\/product\/chateau-de-miniere-rouge-de-miniere-bio\/","title":{"rendered":"Ch\u00e2teau de Mini\u00e8re Rouge de Mini\u00e8re  BIO - 2020"},"content":{"rendered":"<p>C\u2019est un vin de \u00abcopain\u00bb qui permet de gouter la s\u00e8ve du cabernet franc sans avoir la rusticit\u00e9 : la bouche offre une belle dualit\u00e9 entre fra\u00eecheur et souplesse avec une finale longue et une touche poivr\u00e9e.<\/p>\n","protected":false},"excerpt":{"rendered":"<p>C\u2019est un vin de \u00abcopain\u00bb qui permet de gouter la s\u00e8ve du cabernet franc sans avoir la rusticit\u00e9 : la bouche offre une belle dualit\u00e9 entre fra\u00eecheur et souplesse avec une finale longue et une touche poivr\u00e9e.<\/p>\n","protected":false},"featured_media":16917,"comment_status":"open","ping_status":"closed","template":"","meta":[],"product_brand":[],"product_cat":[365,138,121,27],"product_tag":[],"class_list":{"0":"post-11670","1":"product","2":"type-product","3":"status-publish","4":"has-post-thumbnail","6":"product_cat-categorie","7":"product_cat-couleurs","8":"product_cat-loire","9":"product_cat-rouge","11":"first","12":"instock","13":"sale","14":"taxable","15":"shipping-taxable","16":"purchasable","17":"product-type-simple"},"_links":{"self":[{"href":"https:\/\/www.lacavedeslecteurs.com\/index.php\/wp-json\/wp\/v2\/product\/11670","targetHints":{"allow":["GET"]}}],"collection":[{"href":"https:\/\/www.lacavedeslecteurs.com\/index.php\/wp-json\/wp\/v2\/product"}],"about":[{"href":"https:\/\/www.lacavedeslecteurs.com\/index.php\/wp-json\/wp\/v2\/types\/product"}],"replies":[{"embeddable":true,"href":"https:\/\/www.lacavedeslecteurs.com\/index.php\/wp-json\/wp\/v2\/comments?post=11670"}],"wp:featuredmedia":[{"embeddable":true,"href":"https:\/\/www.lacavedeslecteurs.com\/index.php\/wp-json\/wp\/v2\/media\/16917"}],"wp:attachment":[{"href":"https:\/\/www.lacavedeslecteurs.com\/index.php\/wp-json\/wp\/v2\/media?parent=11670"}],"wp:term":[{"taxonomy":"product_brand","embeddable":true,"href":"https:\/\/www.lacavedeslecteurs.com\/index.php\/wp-json\/wp\/v2\/product_brand?post=11670"},{"taxonomy":"product_cat","embeddable":true,"href":"https:\/\/www.lacavedeslecteurs.com\/index.php\/wp-json\/wp\/v2\/product_cat?post=11670"},{"taxonomy":"product_tag","embeddable":true,"href":"https:\/\/www.lacavedeslecteurs.com\/index.php\/wp-json\/wp\/v2\/product_tag?post=11670"}],"curies":[{"name":"wp","href":"https:\/\/api.w.org\/{rel}","templated":true}]}}