{"id":11674,"date":"2025-12-31T13:01:24","date_gmt":"2025-12-31T13:01:24","guid":{"rendered":"https:\/\/www.lacavedeslecteurs.com\/index.php\/product\/domaine-nicolas-grosbois-gabare-biodynamie\/"},"modified":"2026-02-13T15:35:33","modified_gmt":"2026-02-13T15:35:33","slug":"domaine-nicolas-grosbois-gabare-biodynamie","status":"publish","type":"product","link":"https:\/\/www.lacavedeslecteurs.com\/index.php\/product\/domaine-nicolas-grosbois-gabare-biodynamie\/","title":{"rendered":"Domaine Nicolas Grosbois Gabare BIOdynamie - 2021"},"content":{"rendered":"<p>Une cuv\u00e9e dans un style plus construit qui offre en bouche beaucoup de fra\u00eecheur associ\u00e9e \u00e0 des sensations intenses de fruits rouges, d&rsquo;\u00e9pices ainsi qu&rsquo;une trame min\u00e9rale et saline. Sa complexit\u00e9 ravira les amateurs.<\/p>\n","protected":false},"excerpt":{"rendered":"<p>Une cuv\u00e9e dans un style plus construit qui offre en bouche beaucoup de fra\u00eecheur associ\u00e9e \u00e0 des sensations intenses de fruits rouges, d&rsquo;\u00e9pices ainsi qu&rsquo;une trame min\u00e9rale et saline. Sa complexit\u00e9 ravira les amateurs.<\/p>\n","protected":false},"featured_media":16919,"comment_status":"open","ping_status":"closed","template":"","meta":[],"product_brand":[],"product_cat":[365,138,121,27],"product_tag":[],"class_list":{"0":"post-11674","1":"product","2":"type-product","3":"status-publish","4":"has-post-thumbnail","6":"product_cat-categorie","7":"product_cat-couleurs","8":"product_cat-loire","9":"product_cat-rouge","11":"first","12":"instock","13":"sale","14":"taxable","15":"shipping-taxable","16":"purchasable","17":"product-type-simple"},"_links":{"self":[{"href":"https:\/\/www.lacavedeslecteurs.com\/index.php\/wp-json\/wp\/v2\/product\/11674","targetHints":{"allow":["GET"]}}],"collection":[{"href":"https:\/\/www.lacavedeslecteurs.com\/index.php\/wp-json\/wp\/v2\/product"}],"about":[{"href":"https:\/\/www.lacavedeslecteurs.com\/index.php\/wp-json\/wp\/v2\/types\/product"}],"replies":[{"embeddable":true,"href":"https:\/\/www.lacavedeslecteurs.com\/index.php\/wp-json\/wp\/v2\/comments?post=11674"}],"wp:featuredmedia":[{"embeddable":true,"href":"https:\/\/www.lacavedeslecteurs.com\/index.php\/wp-json\/wp\/v2\/media\/16919"}],"wp:attachment":[{"href":"https:\/\/www.lacavedeslecteurs.com\/index.php\/wp-json\/wp\/v2\/media?parent=11674"}],"wp:term":[{"taxonomy":"product_brand","embeddable":true,"href":"https:\/\/www.lacavedeslecteurs.com\/index.php\/wp-json\/wp\/v2\/product_brand?post=11674"},{"taxonomy":"product_cat","embeddable":true,"href":"https:\/\/www.lacavedeslecteurs.com\/index.php\/wp-json\/wp\/v2\/product_cat?post=11674"},{"taxonomy":"product_tag","embeddable":true,"href":"https:\/\/www.lacavedeslecteurs.com\/index.php\/wp-json\/wp\/v2\/product_tag?post=11674"}],"curies":[{"name":"wp","href":"https:\/\/api.w.org\/{rel}","templated":true}]}}