{"id":11717,"date":"2025-12-31T13:01:41","date_gmt":"2025-12-31T13:01:41","guid":{"rendered":"https:\/\/www.lacavedeslecteurs.com\/index.php\/product\/domaine-du-coulet-petit-ours\/"},"modified":"2026-02-13T15:36:20","modified_gmt":"2026-02-13T15:36:20","slug":"domaine-du-coulet-petit-ours","status":"publish","type":"product","link":"https:\/\/www.lacavedeslecteurs.com\/index.php\/product\/domaine-du-coulet-petit-ours\/","title":{"rendered":"Domaine du Coulet Petit Ours - 2022"},"content":{"rendered":"<p>Nez de fruits noirs avec une min\u00e9ralit\u00e9 fum\u00e9e au premier nez. Au palais, les fruits noirs dominent avec une texture juteuse et gourmande. Petit Ours est l\u2019union de la puissance du Rh\u00f4ne et l\u2019\u00e9l\u00e9gance du Rh\u00f4ne Nord.<\/p>\n","protected":false},"excerpt":{"rendered":"<p>Nez de fruits noirs avec une min\u00e9ralit\u00e9 fum\u00e9e au premier nez. Au palais, les fruits noirs dominent avec une texture juteuse et gourmande. Petit Ours est l\u2019union de la puissance du Rh\u00f4ne et l\u2019\u00e9l\u00e9gance du Rh\u00f4ne Nord.<\/p>\n","protected":false},"featured_media":16943,"comment_status":"open","ping_status":"closed","template":"","meta":[],"product_brand":[],"product_cat":[365,138,66,27],"product_tag":[],"class_list":{"0":"post-11717","1":"product","2":"type-product","3":"status-publish","4":"has-post-thumbnail","6":"product_cat-categorie","7":"product_cat-couleurs","8":"product_cat-rhone","9":"product_cat-rouge","11":"first","12":"instock","13":"sale","14":"taxable","15":"shipping-taxable","16":"purchasable","17":"product-type-simple"},"_links":{"self":[{"href":"https:\/\/www.lacavedeslecteurs.com\/index.php\/wp-json\/wp\/v2\/product\/11717","targetHints":{"allow":["GET"]}}],"collection":[{"href":"https:\/\/www.lacavedeslecteurs.com\/index.php\/wp-json\/wp\/v2\/product"}],"about":[{"href":"https:\/\/www.lacavedeslecteurs.com\/index.php\/wp-json\/wp\/v2\/types\/product"}],"replies":[{"embeddable":true,"href":"https:\/\/www.lacavedeslecteurs.com\/index.php\/wp-json\/wp\/v2\/comments?post=11717"}],"wp:featuredmedia":[{"embeddable":true,"href":"https:\/\/www.lacavedeslecteurs.com\/index.php\/wp-json\/wp\/v2\/media\/16943"}],"wp:attachment":[{"href":"https:\/\/www.lacavedeslecteurs.com\/index.php\/wp-json\/wp\/v2\/media?parent=11717"}],"wp:term":[{"taxonomy":"product_brand","embeddable":true,"href":"https:\/\/www.lacavedeslecteurs.com\/index.php\/wp-json\/wp\/v2\/product_brand?post=11717"},{"taxonomy":"product_cat","embeddable":true,"href":"https:\/\/www.lacavedeslecteurs.com\/index.php\/wp-json\/wp\/v2\/product_cat?post=11717"},{"taxonomy":"product_tag","embeddable":true,"href":"https:\/\/www.lacavedeslecteurs.com\/index.php\/wp-json\/wp\/v2\/product_tag?post=11717"}],"curies":[{"name":"wp","href":"https:\/\/api.w.org\/{rel}","templated":true}]}}