{"id":11737,"date":"2025-12-31T13:01:55","date_gmt":"2025-12-31T13:01:55","guid":{"rendered":"https:\/\/www.lacavedeslecteurs.com\/index.php\/product\/domaine-pierre-gaillard-esprit-de-blonde\/"},"modified":"2026-02-13T15:36:41","modified_gmt":"2026-02-13T15:36:41","slug":"domaine-pierre-gaillard-esprit-de-blonde","status":"publish","type":"product","link":"https:\/\/www.lacavedeslecteurs.com\/index.php\/product\/domaine-pierre-gaillard-esprit-de-blonde\/","title":{"rendered":"Domaine Pierre Gaillard Esprit de Blonde - 2020"},"content":{"rendered":"<p>Esprit de Blonde est une cuv\u00e9e de C\u00f4te-R\u00f4tie exceptionnelle. Le nez est tr\u00e8s expressif avec des fruits rouges tr\u00e8s m\u00fbrs. En bouche, la structure du vin est assur\u00e9e par des tannins velout\u00e9s et la persistance aromatique. Apr\u00e8s quelques ann\u00e9es de garde, toute la complexit\u00e9 et la dimension du vin se d\u00e9voileront. <\/p>\n","protected":false},"excerpt":{"rendered":"<p>Esprit de Blonde est une cuv\u00e9e de C\u00f4te-R\u00f4tie exceptionnelle. Le nez est tr\u00e8s expressif avec des fruits rouges tr\u00e8s m\u00fbrs. En bouche, la structure du vin est assur\u00e9e par des tannins velout\u00e9s et la persistance aromatique. Apr\u00e8s quelques ann\u00e9es de garde, toute la complexit\u00e9 et la dimension du vin se d\u00e9voileront.<\/p>\n","protected":false},"featured_media":16953,"comment_status":"open","ping_status":"closed","template":"","meta":[],"product_brand":[],"product_cat":[365,138,66,27],"product_tag":[],"class_list":{"0":"post-11737","1":"product","2":"type-product","3":"status-publish","4":"has-post-thumbnail","6":"product_cat-categorie","7":"product_cat-couleurs","8":"product_cat-rhone","9":"product_cat-rouge","11":"first","12":"instock","13":"sale","14":"taxable","15":"shipping-taxable","16":"purchasable","17":"product-type-simple"},"_links":{"self":[{"href":"https:\/\/www.lacavedeslecteurs.com\/index.php\/wp-json\/wp\/v2\/product\/11737","targetHints":{"allow":["GET"]}}],"collection":[{"href":"https:\/\/www.lacavedeslecteurs.com\/index.php\/wp-json\/wp\/v2\/product"}],"about":[{"href":"https:\/\/www.lacavedeslecteurs.com\/index.php\/wp-json\/wp\/v2\/types\/product"}],"replies":[{"embeddable":true,"href":"https:\/\/www.lacavedeslecteurs.com\/index.php\/wp-json\/wp\/v2\/comments?post=11737"}],"wp:featuredmedia":[{"embeddable":true,"href":"https:\/\/www.lacavedeslecteurs.com\/index.php\/wp-json\/wp\/v2\/media\/16953"}],"wp:attachment":[{"href":"https:\/\/www.lacavedeslecteurs.com\/index.php\/wp-json\/wp\/v2\/media?parent=11737"}],"wp:term":[{"taxonomy":"product_brand","embeddable":true,"href":"https:\/\/www.lacavedeslecteurs.com\/index.php\/wp-json\/wp\/v2\/product_brand?post=11737"},{"taxonomy":"product_cat","embeddable":true,"href":"https:\/\/www.lacavedeslecteurs.com\/index.php\/wp-json\/wp\/v2\/product_cat?post=11737"},{"taxonomy":"product_tag","embeddable":true,"href":"https:\/\/www.lacavedeslecteurs.com\/index.php\/wp-json\/wp\/v2\/product_tag?post=11737"}],"curies":[{"name":"wp","href":"https:\/\/api.w.org\/{rel}","templated":true}]}}