{"id":11739,"date":"2025-12-31T13:01:57","date_gmt":"2025-12-31T13:01:57","guid":{"rendered":"https:\/\/www.lacavedeslecteurs.com\/index.php\/product\/domaine-de-saint-cosme\/"},"modified":"2026-02-13T15:36:43","modified_gmt":"2026-02-13T15:36:43","slug":"domaine-de-saint-cosme","status":"publish","type":"product","link":"https:\/\/www.lacavedeslecteurs.com\/index.php\/product\/domaine-de-saint-cosme\/","title":{"rendered":"Domaine de Saint-Cosme - 2019"},"content":{"rendered":"<p>Cette cuv\u00e9e du Ch\u00e2teau de Saint Cosme r\u00e9v\u00e8le un bouquet aromatique de fruits rouges bien m\u00fbrs et d\u2019\u00e9pices fines. La bouche est fra\u00eeche et flatteuse avec de belles notes de violette et de sous-bois. Ce Gigondas, profond et \u00e9l\u00e9gant, fascine.<\/p>\n","protected":false},"excerpt":{"rendered":"<p>Cette cuv\u00e9e du Ch\u00e2teau de Saint Cosme r\u00e9v\u00e8le un bouquet aromatique de fruits rouges bien m\u00fbrs et d\u2019\u00e9pices fines. La bouche est fra\u00eeche et flatteuse avec de belles notes de violette et de sous-bois. Ce Gigondas, profond et \u00e9l\u00e9gant, fascine.<\/p>\n","protected":false},"featured_media":16954,"comment_status":"open","ping_status":"closed","template":"","meta":[],"product_brand":[],"product_cat":[365,138,66,27],"product_tag":[],"class_list":{"0":"post-11739","1":"product","2":"type-product","3":"status-publish","4":"has-post-thumbnail","6":"product_cat-categorie","7":"product_cat-couleurs","8":"product_cat-rhone","9":"product_cat-rouge","11":"first","12":"instock","13":"sale","14":"taxable","15":"shipping-taxable","16":"purchasable","17":"product-type-simple"},"_links":{"self":[{"href":"https:\/\/www.lacavedeslecteurs.com\/index.php\/wp-json\/wp\/v2\/product\/11739","targetHints":{"allow":["GET"]}}],"collection":[{"href":"https:\/\/www.lacavedeslecteurs.com\/index.php\/wp-json\/wp\/v2\/product"}],"about":[{"href":"https:\/\/www.lacavedeslecteurs.com\/index.php\/wp-json\/wp\/v2\/types\/product"}],"replies":[{"embeddable":true,"href":"https:\/\/www.lacavedeslecteurs.com\/index.php\/wp-json\/wp\/v2\/comments?post=11739"}],"wp:featuredmedia":[{"embeddable":true,"href":"https:\/\/www.lacavedeslecteurs.com\/index.php\/wp-json\/wp\/v2\/media\/16954"}],"wp:attachment":[{"href":"https:\/\/www.lacavedeslecteurs.com\/index.php\/wp-json\/wp\/v2\/media?parent=11739"}],"wp:term":[{"taxonomy":"product_brand","embeddable":true,"href":"https:\/\/www.lacavedeslecteurs.com\/index.php\/wp-json\/wp\/v2\/product_brand?post=11739"},{"taxonomy":"product_cat","embeddable":true,"href":"https:\/\/www.lacavedeslecteurs.com\/index.php\/wp-json\/wp\/v2\/product_cat?post=11739"},{"taxonomy":"product_tag","embeddable":true,"href":"https:\/\/www.lacavedeslecteurs.com\/index.php\/wp-json\/wp\/v2\/product_tag?post=11739"}],"curies":[{"name":"wp","href":"https:\/\/api.w.org\/{rel}","templated":true}]}}