{"id":11795,"date":"2025-12-31T13:02:18","date_gmt":"2025-12-31T13:02:18","guid":{"rendered":"https:\/\/www.lacavedeslecteurs.com\/index.php\/product\/maison-e-guigal-la-turque\/"},"modified":"2026-02-13T15:38:05","modified_gmt":"2026-02-13T15:38:05","slug":"maison-e-guigal-la-turque","status":"publish","type":"product","link":"https:\/\/www.lacavedeslecteurs.com\/index.php\/product\/maison-e-guigal-la-turque\/","title":{"rendered":"Maison E.Guigal La Turque - 2017"},"content":{"rendered":"<p>L\u2019un des vins mythiques de la C\u00f4te-R\u00f4tie. D\u2019une richesse aromatique incomparable : petits fruits cuits, de cuir, de r\u00e9glisse, de torr\u00e9faction et d\u2019\u00e9pices orientales. Puissante, structur\u00e9e avec des tanins affin\u00e9s. Une capacit\u00e9 de garde ph\u00e9nom\u00e9nale. Un chef d\u2019oeuvre !<\/p>\n","protected":false},"excerpt":{"rendered":"<p>L\u2019un des vins mythiques de la C\u00f4te-R\u00f4tie. D\u2019une richesse aromatique incomparable : petits fruits cuits, de cuir, de r\u00e9glisse, de torr\u00e9faction et d\u2019\u00e9pices orientales. Puissante, structur\u00e9e avec des tanins affin\u00e9s. Une capacit\u00e9 de garde ph\u00e9nom\u00e9nale. Un chef d\u2019oeuvre !<\/p>\n","protected":false},"featured_media":16997,"comment_status":"open","ping_status":"closed","template":"","meta":[],"product_brand":[],"product_cat":[365,138,66,27],"product_tag":[],"class_list":{"0":"post-11795","1":"product","2":"type-product","3":"status-publish","4":"has-post-thumbnail","6":"product_cat-categorie","7":"product_cat-couleurs","8":"product_cat-rhone","9":"product_cat-rouge","11":"first","12":"instock","13":"sale","14":"taxable","15":"shipping-taxable","16":"purchasable","17":"product-type-simple"},"_links":{"self":[{"href":"https:\/\/www.lacavedeslecteurs.com\/index.php\/wp-json\/wp\/v2\/product\/11795","targetHints":{"allow":["GET"]}}],"collection":[{"href":"https:\/\/www.lacavedeslecteurs.com\/index.php\/wp-json\/wp\/v2\/product"}],"about":[{"href":"https:\/\/www.lacavedeslecteurs.com\/index.php\/wp-json\/wp\/v2\/types\/product"}],"replies":[{"embeddable":true,"href":"https:\/\/www.lacavedeslecteurs.com\/index.php\/wp-json\/wp\/v2\/comments?post=11795"}],"wp:featuredmedia":[{"embeddable":true,"href":"https:\/\/www.lacavedeslecteurs.com\/index.php\/wp-json\/wp\/v2\/media\/16997"}],"wp:attachment":[{"href":"https:\/\/www.lacavedeslecteurs.com\/index.php\/wp-json\/wp\/v2\/media?parent=11795"}],"wp:term":[{"taxonomy":"product_brand","embeddable":true,"href":"https:\/\/www.lacavedeslecteurs.com\/index.php\/wp-json\/wp\/v2\/product_brand?post=11795"},{"taxonomy":"product_cat","embeddable":true,"href":"https:\/\/www.lacavedeslecteurs.com\/index.php\/wp-json\/wp\/v2\/product_cat?post=11795"},{"taxonomy":"product_tag","embeddable":true,"href":"https:\/\/www.lacavedeslecteurs.com\/index.php\/wp-json\/wp\/v2\/product_tag?post=11795"}],"curies":[{"name":"wp","href":"https:\/\/api.w.org\/{rel}","templated":true}]}}