{"id":11812,"date":"2025-12-31T13:02:23","date_gmt":"2025-12-31T13:02:23","guid":{"rendered":"https:\/\/www.lacavedeslecteurs.com\/index.php\/product\/domaine-vincent-paris-les-cotes\/"},"modified":"2026-02-13T15:38:22","modified_gmt":"2026-02-13T15:38:22","slug":"domaine-vincent-paris-les-cotes","status":"publish","type":"product","link":"https:\/\/www.lacavedeslecteurs.com\/index.php\/product\/domaine-vincent-paris-les-cotes\/","title":{"rendered":"Domaine Vincent Paris Les C\u00f4tes - 2022"},"content":{"rendered":"<p>Vincent Paris est une valeur qui monte \u00e0 Cornas. Il produit un Saint-Joseph de belle facture, plein de fruit, \u00e0 boire dans sa jeunesse. La meilleure \u00ab\u00a0fen\u00eatre de d\u00e9gustation\u00a0\u00bb sera de 6 \u00e0 15 ans.<\/p>\n","protected":false},"excerpt":{"rendered":"<p>Vincent Paris est une valeur qui monte \u00e0 Cornas. Il produit un Saint-Joseph de belle facture, plein de fruit, \u00e0 boire dans sa jeunesse. La meilleure \u00ab\u00a0fen\u00eatre de d\u00e9gustation\u00a0\u00bb sera de 6 \u00e0 15 ans.<\/p>\n","protected":false},"featured_media":17006,"comment_status":"open","ping_status":"closed","template":"","meta":[],"product_brand":[],"product_cat":[365,138,66,27],"product_tag":[],"class_list":{"0":"post-11812","1":"product","2":"type-product","3":"status-publish","4":"has-post-thumbnail","6":"product_cat-categorie","7":"product_cat-couleurs","8":"product_cat-rhone","9":"product_cat-rouge","11":"first","12":"instock","13":"sale","14":"taxable","15":"shipping-taxable","16":"purchasable","17":"product-type-simple"},"_links":{"self":[{"href":"https:\/\/www.lacavedeslecteurs.com\/index.php\/wp-json\/wp\/v2\/product\/11812","targetHints":{"allow":["GET"]}}],"collection":[{"href":"https:\/\/www.lacavedeslecteurs.com\/index.php\/wp-json\/wp\/v2\/product"}],"about":[{"href":"https:\/\/www.lacavedeslecteurs.com\/index.php\/wp-json\/wp\/v2\/types\/product"}],"replies":[{"embeddable":true,"href":"https:\/\/www.lacavedeslecteurs.com\/index.php\/wp-json\/wp\/v2\/comments?post=11812"}],"wp:featuredmedia":[{"embeddable":true,"href":"https:\/\/www.lacavedeslecteurs.com\/index.php\/wp-json\/wp\/v2\/media\/17006"}],"wp:attachment":[{"href":"https:\/\/www.lacavedeslecteurs.com\/index.php\/wp-json\/wp\/v2\/media?parent=11812"}],"wp:term":[{"taxonomy":"product_brand","embeddable":true,"href":"https:\/\/www.lacavedeslecteurs.com\/index.php\/wp-json\/wp\/v2\/product_brand?post=11812"},{"taxonomy":"product_cat","embeddable":true,"href":"https:\/\/www.lacavedeslecteurs.com\/index.php\/wp-json\/wp\/v2\/product_cat?post=11812"},{"taxonomy":"product_tag","embeddable":true,"href":"https:\/\/www.lacavedeslecteurs.com\/index.php\/wp-json\/wp\/v2\/product_tag?post=11812"}],"curies":[{"name":"wp","href":"https:\/\/api.w.org\/{rel}","templated":true}]}}