{"id":11865,"date":"2025-12-31T13:02:44","date_gmt":"2025-12-31T13:02:44","guid":{"rendered":"https:\/\/www.lacavedeslecteurs.com\/index.php\/product\/domaine-francois-villard-terrasses-du-palat\/"},"modified":"2026-02-13T15:38:32","modified_gmt":"2026-02-13T15:38:32","slug":"domaine-francois-villard-terrasses-du-palat","status":"publish","type":"product","link":"https:\/\/www.lacavedeslecteurs.com\/index.php\/product\/domaine-francois-villard-terrasses-du-palat\/","title":{"rendered":"Domaine Fran\u00e7ois Villard Terrasses du Palat - 2020"},"content":{"rendered":"<p>Le meilleur terroir pour l&rsquo;expression de la quintessence du Viognier. L&rsquo;excellent Fran\u00e7ois Villard vinifie une cuv\u00e9e g\u00e9n\u00e9reuse dans sa jeunesse qui se min\u00e9ralise avec deux ou trois ans de garde. Une p\u00e9pite \u00e0 d\u00e9couvrir!<\/p>\n","protected":false},"excerpt":{"rendered":"<p>Le meilleur terroir pour l&rsquo;expression de la quintessence du Viognier. L&rsquo;excellent Fran\u00e7ois Villard vinifie une cuv\u00e9e g\u00e9n\u00e9reuse dans sa jeunesse qui se min\u00e9ralise avec deux ou trois ans de garde. Une p\u00e9pite \u00e0 d\u00e9couvrir!<\/p>\n","protected":false},"featured_media":17012,"comment_status":"open","ping_status":"closed","template":"","meta":[],"product_brand":[],"product_cat":[41,365,138,66],"product_tag":[],"class_list":{"0":"post-11865","1":"product","2":"type-product","3":"status-publish","4":"has-post-thumbnail","6":"product_cat-blanc","7":"product_cat-categorie","8":"product_cat-couleurs","9":"product_cat-rhone","11":"first","12":"instock","13":"sale","14":"taxable","15":"shipping-taxable","16":"purchasable","17":"product-type-simple"},"_links":{"self":[{"href":"https:\/\/www.lacavedeslecteurs.com\/index.php\/wp-json\/wp\/v2\/product\/11865","targetHints":{"allow":["GET"]}}],"collection":[{"href":"https:\/\/www.lacavedeslecteurs.com\/index.php\/wp-json\/wp\/v2\/product"}],"about":[{"href":"https:\/\/www.lacavedeslecteurs.com\/index.php\/wp-json\/wp\/v2\/types\/product"}],"replies":[{"embeddable":true,"href":"https:\/\/www.lacavedeslecteurs.com\/index.php\/wp-json\/wp\/v2\/comments?post=11865"}],"wp:featuredmedia":[{"embeddable":true,"href":"https:\/\/www.lacavedeslecteurs.com\/index.php\/wp-json\/wp\/v2\/media\/17012"}],"wp:attachment":[{"href":"https:\/\/www.lacavedeslecteurs.com\/index.php\/wp-json\/wp\/v2\/media?parent=11865"}],"wp:term":[{"taxonomy":"product_brand","embeddable":true,"href":"https:\/\/www.lacavedeslecteurs.com\/index.php\/wp-json\/wp\/v2\/product_brand?post=11865"},{"taxonomy":"product_cat","embeddable":true,"href":"https:\/\/www.lacavedeslecteurs.com\/index.php\/wp-json\/wp\/v2\/product_cat?post=11865"},{"taxonomy":"product_tag","embeddable":true,"href":"https:\/\/www.lacavedeslecteurs.com\/index.php\/wp-json\/wp\/v2\/product_tag?post=11865"}],"curies":[{"name":"wp","href":"https:\/\/api.w.org\/{rel}","templated":true}]}}