{"id":11866,"date":"2025-12-31T13:02:44","date_gmt":"2025-12-31T13:02:44","guid":{"rendered":"https:\/\/www.lacavedeslecteurs.com\/index.php\/product\/domaine-de-laubade-bas-armagnac\/"},"modified":"2026-02-13T15:38:45","modified_gmt":"2026-02-13T15:38:45","slug":"domaine-de-laubade-bas-armagnac","status":"publish","type":"product","link":"https:\/\/www.lacavedeslecteurs.com\/index.php\/product\/domaine-de-laubade-bas-armagnac\/","title":{"rendered":"Domaine de l&rsquo;Aubade Bas-Armagnac"},"content":{"rendered":"<p>Nez de fruits m\u00fbrs, de vanille et de prune, bouche suave et d\u00e9licate. Le V.S.O.P est un assemblage \u00ab plaisir \u00bb \u00e0 d\u00e9guster en digestif ou en ap\u00e9ritif. Avec un fromage frais caill\u00e9 sucr\u00e9 au miel, des fraises gariguettes au sucre de canne suivi d\u2019un caf\u00e9 l\u00e9ger.<\/p>\n","protected":false},"excerpt":{"rendered":"<p>Nez de fruits m\u00fbrs, de vanille et de prune, bouche suave et d\u00e9licate. Le V.S.O.P est un assemblage \u00ab plaisir \u00bb \u00e0 d\u00e9guster en digestif ou en ap\u00e9ritif. Avec un fromage frais caill\u00e9 sucr\u00e9 au miel, des fraises gariguettes au sucre de canne suivi d\u2019un caf\u00e9 l\u00e9ger.<\/p>\n","protected":false},"featured_media":17019,"comment_status":"open","ping_status":"closed","template":"","meta":[],"product_brand":[],"product_cat":[365,59],"product_tag":[],"class_list":{"0":"post-11866","1":"product","2":"type-product","3":"status-publish","4":"has-post-thumbnail","6":"product_cat-categorie","7":"product_cat-spiritueux","9":"first","10":"instock","11":"sale","12":"taxable","13":"shipping-taxable","14":"purchasable","15":"product-type-simple"},"_links":{"self":[{"href":"https:\/\/www.lacavedeslecteurs.com\/index.php\/wp-json\/wp\/v2\/product\/11866","targetHints":{"allow":["GET"]}}],"collection":[{"href":"https:\/\/www.lacavedeslecteurs.com\/index.php\/wp-json\/wp\/v2\/product"}],"about":[{"href":"https:\/\/www.lacavedeslecteurs.com\/index.php\/wp-json\/wp\/v2\/types\/product"}],"replies":[{"embeddable":true,"href":"https:\/\/www.lacavedeslecteurs.com\/index.php\/wp-json\/wp\/v2\/comments?post=11866"}],"wp:featuredmedia":[{"embeddable":true,"href":"https:\/\/www.lacavedeslecteurs.com\/index.php\/wp-json\/wp\/v2\/media\/17019"}],"wp:attachment":[{"href":"https:\/\/www.lacavedeslecteurs.com\/index.php\/wp-json\/wp\/v2\/media?parent=11866"}],"wp:term":[{"taxonomy":"product_brand","embeddable":true,"href":"https:\/\/www.lacavedeslecteurs.com\/index.php\/wp-json\/wp\/v2\/product_brand?post=11866"},{"taxonomy":"product_cat","embeddable":true,"href":"https:\/\/www.lacavedeslecteurs.com\/index.php\/wp-json\/wp\/v2\/product_cat?post=11866"},{"taxonomy":"product_tag","embeddable":true,"href":"https:\/\/www.lacavedeslecteurs.com\/index.php\/wp-json\/wp\/v2\/product_tag?post=11866"}],"curies":[{"name":"wp","href":"https:\/\/api.w.org\/{rel}","templated":true}]}}