{"id":11868,"date":"2025-12-31T13:02:45","date_gmt":"2025-12-31T13:02:45","guid":{"rendered":"https:\/\/www.lacavedeslecteurs.com\/index.php\/product\/whisky-francais-bellevoye-bleu-finition-grain-fin-40-en-etui\/"},"modified":"2026-02-13T15:38:47","modified_gmt":"2026-02-13T15:38:47","slug":"whisky-francais-bellevoye-bleu-finition-grain-fin-40-en-etui","status":"publish","type":"product","link":"https:\/\/www.lacavedeslecteurs.com\/index.php\/product\/whisky-francais-bellevoye-bleu-finition-grain-fin-40-en-etui\/","title":{"rendered":"Whisky Fran\u00e7ais Bellevoye Bleu Finition Grain Fin, 40% en \u00e9tui"},"content":{"rendered":"<p>La Finition GRAIN GIN, ou finition, est fait en barriques neuves de ch\u00eane fran\u00e7ais. Cette cuv\u00e9e bleue de la maison est sur le fruit. Nous retrouvons des notes de fruits jaunes, de pommes caram\u00e9lis\u00e9es et de pain d\u2019\u00e9pices.<\/p>\n","protected":false},"excerpt":{"rendered":"<p>La Finition GRAIN GIN, ou finition, est fait en barriques neuves de ch\u00eane fran\u00e7ais. Cette cuv\u00e9e bleue de la maison est sur le fruit. Nous retrouvons des notes de fruits jaunes, de pommes caram\u00e9lis\u00e9es et de pain d\u2019\u00e9pices.<\/p>\n","protected":false},"featured_media":17020,"comment_status":"open","ping_status":"closed","template":"","meta":[],"product_brand":[],"product_cat":[41,365,138,59],"product_tag":[],"class_list":{"0":"post-11868","1":"product","2":"type-product","3":"status-publish","4":"has-post-thumbnail","6":"product_cat-blanc","7":"product_cat-categorie","8":"product_cat-couleurs","9":"product_cat-spiritueux","11":"first","12":"instock","13":"sale","14":"taxable","15":"shipping-taxable","16":"purchasable","17":"product-type-simple"},"_links":{"self":[{"href":"https:\/\/www.lacavedeslecteurs.com\/index.php\/wp-json\/wp\/v2\/product\/11868","targetHints":{"allow":["GET"]}}],"collection":[{"href":"https:\/\/www.lacavedeslecteurs.com\/index.php\/wp-json\/wp\/v2\/product"}],"about":[{"href":"https:\/\/www.lacavedeslecteurs.com\/index.php\/wp-json\/wp\/v2\/types\/product"}],"replies":[{"embeddable":true,"href":"https:\/\/www.lacavedeslecteurs.com\/index.php\/wp-json\/wp\/v2\/comments?post=11868"}],"wp:featuredmedia":[{"embeddable":true,"href":"https:\/\/www.lacavedeslecteurs.com\/index.php\/wp-json\/wp\/v2\/media\/17020"}],"wp:attachment":[{"href":"https:\/\/www.lacavedeslecteurs.com\/index.php\/wp-json\/wp\/v2\/media?parent=11868"}],"wp:term":[{"taxonomy":"product_brand","embeddable":true,"href":"https:\/\/www.lacavedeslecteurs.com\/index.php\/wp-json\/wp\/v2\/product_brand?post=11868"},{"taxonomy":"product_cat","embeddable":true,"href":"https:\/\/www.lacavedeslecteurs.com\/index.php\/wp-json\/wp\/v2\/product_cat?post=11868"},{"taxonomy":"product_tag","embeddable":true,"href":"https:\/\/www.lacavedeslecteurs.com\/index.php\/wp-json\/wp\/v2\/product_tag?post=11868"}],"curies":[{"name":"wp","href":"https:\/\/api.w.org\/{rel}","templated":true}]}}