{"id":11878,"date":"2025-12-31T13:02:49","date_gmt":"2025-12-31T13:02:49","guid":{"rendered":"https:\/\/www.lacavedeslecteurs.com\/index.php\/product\/roku-gin-japonais\/"},"modified":"2026-02-13T15:38:57","modified_gmt":"2026-02-13T15:38:57","slug":"roku-gin-japonais","status":"publish","type":"product","link":"https:\/\/www.lacavedeslecteurs.com\/index.php\/product\/roku-gin-japonais\/","title":{"rendered":"Roku Gin Japonais"},"content":{"rendered":"<p>Roku signifie six. Son nom fait r\u00e9f\u00e9rence au nombre de plantes qui donnent de la personnalit\u00e9 \u00e0 ce gin, toutes d&rsquo;origine japonaise, cultiv\u00e9es dans les meilleures zones et cultiv\u00e9es \u00e0 la main. Fleur de cerisier, th\u00e9 vert, yuzu ou poivre sansho japonais. Un gin \u00e0 l&rsquo;ar\u00f4me doux et floral.<\/p>\n","protected":false},"excerpt":{"rendered":"<p>Roku signifie six. Son nom fait r\u00e9f\u00e9rence au nombre de plantes qui donnent de la personnalit\u00e9 \u00e0 ce gin, toutes d&rsquo;origine japonaise, cultiv\u00e9es dans les meilleures zones et cultiv\u00e9es \u00e0 la main. Fleur de cerisier, th\u00e9 vert, yuzu ou poivre sansho japonais. Un gin \u00e0 l&rsquo;ar\u00f4me doux et floral.<\/p>\n","protected":false},"featured_media":17025,"comment_status":"open","ping_status":"closed","template":"","meta":[],"product_brand":[],"product_cat":[365,59],"product_tag":[],"class_list":{"0":"post-11878","1":"product","2":"type-product","3":"status-publish","4":"has-post-thumbnail","6":"product_cat-categorie","7":"product_cat-spiritueux","9":"first","10":"instock","11":"sale","12":"taxable","13":"shipping-taxable","14":"purchasable","15":"product-type-simple"},"_links":{"self":[{"href":"https:\/\/www.lacavedeslecteurs.com\/index.php\/wp-json\/wp\/v2\/product\/11878","targetHints":{"allow":["GET"]}}],"collection":[{"href":"https:\/\/www.lacavedeslecteurs.com\/index.php\/wp-json\/wp\/v2\/product"}],"about":[{"href":"https:\/\/www.lacavedeslecteurs.com\/index.php\/wp-json\/wp\/v2\/types\/product"}],"replies":[{"embeddable":true,"href":"https:\/\/www.lacavedeslecteurs.com\/index.php\/wp-json\/wp\/v2\/comments?post=11878"}],"wp:featuredmedia":[{"embeddable":true,"href":"https:\/\/www.lacavedeslecteurs.com\/index.php\/wp-json\/wp\/v2\/media\/17025"}],"wp:attachment":[{"href":"https:\/\/www.lacavedeslecteurs.com\/index.php\/wp-json\/wp\/v2\/media?parent=11878"}],"wp:term":[{"taxonomy":"product_brand","embeddable":true,"href":"https:\/\/www.lacavedeslecteurs.com\/index.php\/wp-json\/wp\/v2\/product_brand?post=11878"},{"taxonomy":"product_cat","embeddable":true,"href":"https:\/\/www.lacavedeslecteurs.com\/index.php\/wp-json\/wp\/v2\/product_cat?post=11878"},{"taxonomy":"product_tag","embeddable":true,"href":"https:\/\/www.lacavedeslecteurs.com\/index.php\/wp-json\/wp\/v2\/product_tag?post=11878"}],"curies":[{"name":"wp","href":"https:\/\/api.w.org\/{rel}","templated":true}]}}