{"id":11932,"date":"2025-12-31T13:03:11","date_gmt":"2025-12-31T13:03:11","guid":{"rendered":"https:\/\/www.lacavedeslecteurs.com\/index.php\/product\/gran-lombardo-bonfanti-doc-valpolicella-superiore-italie\/"},"modified":"2026-02-13T15:40:06","modified_gmt":"2026-02-13T15:40:06","slug":"gran-lombardo-bonfanti-doc-valpolicella-superiore-italie","status":"publish","type":"product","link":"https:\/\/www.lacavedeslecteurs.com\/index.php\/product\/gran-lombardo-bonfanti-doc-valpolicella-superiore-italie\/","title":{"rendered":"Gran Lombardo Bonfanti DOC Valpolicella Superiore Italie - 2019"},"content":{"rendered":"<p>Pr\u00e8s des Alpes, le lac de Garde illumine les c\u00f4teaux viticoles expos\u00e9s au couchant ; BONFANTI y exploite une ferme qui cultive en harmonie oliviers et vignobles. Gran Lombardo exhale des ar\u00f4mes de cerise, de vanille et de confiture ; en bouche il est ample, velout\u00e9, harmonieux et tr\u00e8s italien dans l&rsquo;\u00e2me.<\/p>\n","protected":false},"excerpt":{"rendered":"<p>Pr\u00e8s des Alpes, le lac de Garde illumine les c\u00f4teaux viticoles expos\u00e9s au couchant ; BONFANTI y exploite une ferme qui cultive en harmonie oliviers et vignobles. Gran Lombardo exhale des ar\u00f4mes de cerise, de vanille et de confiture ; en bouche il est ample, velout\u00e9, harmonieux et tr\u00e8s italien dans l&rsquo;\u00e2me.<\/p>\n","protected":false},"featured_media":17059,"comment_status":"open","ping_status":"closed","template":"","meta":[],"product_brand":[],"product_cat":[365,138,27,56],"product_tag":[],"class_list":{"0":"post-11932","1":"product","2":"type-product","3":"status-publish","4":"has-post-thumbnail","6":"product_cat-categorie","7":"product_cat-couleurs","8":"product_cat-rouge","9":"product_cat-vins-du-monde","11":"first","12":"instock","13":"sale","14":"taxable","15":"shipping-taxable","16":"purchasable","17":"product-type-simple"},"_links":{"self":[{"href":"https:\/\/www.lacavedeslecteurs.com\/index.php\/wp-json\/wp\/v2\/product\/11932","targetHints":{"allow":["GET"]}}],"collection":[{"href":"https:\/\/www.lacavedeslecteurs.com\/index.php\/wp-json\/wp\/v2\/product"}],"about":[{"href":"https:\/\/www.lacavedeslecteurs.com\/index.php\/wp-json\/wp\/v2\/types\/product"}],"replies":[{"embeddable":true,"href":"https:\/\/www.lacavedeslecteurs.com\/index.php\/wp-json\/wp\/v2\/comments?post=11932"}],"wp:featuredmedia":[{"embeddable":true,"href":"https:\/\/www.lacavedeslecteurs.com\/index.php\/wp-json\/wp\/v2\/media\/17059"}],"wp:attachment":[{"href":"https:\/\/www.lacavedeslecteurs.com\/index.php\/wp-json\/wp\/v2\/media?parent=11932"}],"wp:term":[{"taxonomy":"product_brand","embeddable":true,"href":"https:\/\/www.lacavedeslecteurs.com\/index.php\/wp-json\/wp\/v2\/product_brand?post=11932"},{"taxonomy":"product_cat","embeddable":true,"href":"https:\/\/www.lacavedeslecteurs.com\/index.php\/wp-json\/wp\/v2\/product_cat?post=11932"},{"taxonomy":"product_tag","embeddable":true,"href":"https:\/\/www.lacavedeslecteurs.com\/index.php\/wp-json\/wp\/v2\/product_tag?post=11932"}],"curies":[{"name":"wp","href":"https:\/\/api.w.org\/{rel}","templated":true}]}}