{"id":11934,"date":"2025-12-31T13:03:12","date_gmt":"2025-12-31T13:03:12","guid":{"rendered":"https:\/\/www.lacavedeslecteurs.com\/index.php\/product\/antinori-bolgheri-superior-guado-al-tasso-italie-toscane\/"},"modified":"2026-02-13T15:40:08","modified_gmt":"2026-02-13T15:40:08","slug":"antinori-bolgheri-superior-guado-al-tasso-italie-toscane","status":"publish","type":"product","link":"https:\/\/www.lacavedeslecteurs.com\/index.php\/product\/antinori-bolgheri-superior-guado-al-tasso-italie-toscane\/","title":{"rendered":"Antinori Bolgheri Superior Guado Al Tasso Italie Toscane - 2020"},"content":{"rendered":"<p>C&rsquo;est le vin phare de la l\u00e9gendaire famille Antinori au sein du vignoble Toscan, BOLGHERI. Situ\u00e9 pr\u00e8s de la mer, les brises constantes r\u00e9gulent tant la chaleur estivale que les hivers froids. On se rapproche d&rsquo;un \u00e9quilibre qui permet de cultiver l&rsquo;assemblage bordelais. L&rsquo;expression aromatique se rapproche du Pomerol mais la structure plus fine rappelle les M\u00e9doc. Un style unique !<\/p>\n","protected":false},"excerpt":{"rendered":"<p>C&rsquo;est le vin phare de la l\u00e9gendaire famille Antinori au sein du vignoble Toscan, BOLGHERI. Situ\u00e9 pr\u00e8s de la mer, les brises constantes r\u00e9gulent tant la chaleur estivale que les hivers froids. On se rapproche d&rsquo;un \u00e9quilibre qui permet de cultiver l&rsquo;assemblage bordelais. L&rsquo;expression aromatique se rapproche du Pomerol mais la structure plus fine rappelle [&hellip;]<\/p>\n","protected":false},"featured_media":17060,"comment_status":"open","ping_status":"closed","template":"","meta":[],"product_brand":[],"product_cat":[365,138,27,56],"product_tag":[],"class_list":{"0":"post-11934","1":"product","2":"type-product","3":"status-publish","4":"has-post-thumbnail","6":"product_cat-categorie","7":"product_cat-couleurs","8":"product_cat-rouge","9":"product_cat-vins-du-monde","11":"first","12":"instock","13":"sale","14":"taxable","15":"shipping-taxable","16":"purchasable","17":"product-type-simple"},"_links":{"self":[{"href":"https:\/\/www.lacavedeslecteurs.com\/index.php\/wp-json\/wp\/v2\/product\/11934","targetHints":{"allow":["GET"]}}],"collection":[{"href":"https:\/\/www.lacavedeslecteurs.com\/index.php\/wp-json\/wp\/v2\/product"}],"about":[{"href":"https:\/\/www.lacavedeslecteurs.com\/index.php\/wp-json\/wp\/v2\/types\/product"}],"replies":[{"embeddable":true,"href":"https:\/\/www.lacavedeslecteurs.com\/index.php\/wp-json\/wp\/v2\/comments?post=11934"}],"wp:featuredmedia":[{"embeddable":true,"href":"https:\/\/www.lacavedeslecteurs.com\/index.php\/wp-json\/wp\/v2\/media\/17060"}],"wp:attachment":[{"href":"https:\/\/www.lacavedeslecteurs.com\/index.php\/wp-json\/wp\/v2\/media?parent=11934"}],"wp:term":[{"taxonomy":"product_brand","embeddable":true,"href":"https:\/\/www.lacavedeslecteurs.com\/index.php\/wp-json\/wp\/v2\/product_brand?post=11934"},{"taxonomy":"product_cat","embeddable":true,"href":"https:\/\/www.lacavedeslecteurs.com\/index.php\/wp-json\/wp\/v2\/product_cat?post=11934"},{"taxonomy":"product_tag","embeddable":true,"href":"https:\/\/www.lacavedeslecteurs.com\/index.php\/wp-json\/wp\/v2\/product_tag?post=11934"}],"curies":[{"name":"wp","href":"https:\/\/api.w.org\/{rel}","templated":true}]}}