{"id":11940,"date":"2025-12-31T13:03:14","date_gmt":"2025-12-31T13:03:14","guid":{"rendered":"https:\/\/www.lacavedeslecteurs.com\/index.php\/product\/fontanafredda-moscato-dasti-le-fronde\/"},"modified":"2026-02-13T15:40:13","modified_gmt":"2026-02-13T15:40:13","slug":"fontanafredda-moscato-dasti-le-fronde","status":"publish","type":"product","link":"https:\/\/www.lacavedeslecteurs.com\/index.php\/product\/fontanafredda-moscato-dasti-le-fronde\/","title":{"rendered":"Fontanafredda Moscato d&rsquo;Asti Le Fronde - 2021"},"content":{"rendered":"<p>Un style \u00e0 part enti\u00e8re : la fermentation de ce muscat \u00e0 petits grains subit un process technique unique qui produit un moelleux de 5% d&rsquo;alcool, avec 130 grammes de sucre r\u00e9siduel, une l\u00e9g\u00e8re effervescence et surtout une d\u00e9licieuse persistante aromatiques. Un vin \u00e0 d\u00e9guster en famille autour d&rsquo;un bon g\u00e2teau !<\/p>\n","protected":false},"excerpt":{"rendered":"<p>Un style \u00e0 part enti\u00e8re : la fermentation de ce muscat \u00e0 petits grains subit un process technique unique qui produit un moelleux de 5% d&rsquo;alcool, avec 130 grammes de sucre r\u00e9siduel, une l\u00e9g\u00e8re effervescence et surtout une d\u00e9licieuse persistante aromatiques. Un vin \u00e0 d\u00e9guster en famille autour d&rsquo;un bon g\u00e2teau !<\/p>\n","protected":false},"featured_media":17063,"comment_status":"open","ping_status":"closed","template":"","meta":[],"product_brand":[],"product_cat":[41,365,138,56],"product_tag":[],"class_list":{"0":"post-11940","1":"product","2":"type-product","3":"status-publish","4":"has-post-thumbnail","6":"product_cat-blanc","7":"product_cat-categorie","8":"product_cat-couleurs","9":"product_cat-vins-du-monde","11":"first","12":"instock","13":"sale","14":"taxable","15":"shipping-taxable","16":"purchasable","17":"product-type-simple"},"_links":{"self":[{"href":"https:\/\/www.lacavedeslecteurs.com\/index.php\/wp-json\/wp\/v2\/product\/11940","targetHints":{"allow":["GET"]}}],"collection":[{"href":"https:\/\/www.lacavedeslecteurs.com\/index.php\/wp-json\/wp\/v2\/product"}],"about":[{"href":"https:\/\/www.lacavedeslecteurs.com\/index.php\/wp-json\/wp\/v2\/types\/product"}],"replies":[{"embeddable":true,"href":"https:\/\/www.lacavedeslecteurs.com\/index.php\/wp-json\/wp\/v2\/comments?post=11940"}],"wp:featuredmedia":[{"embeddable":true,"href":"https:\/\/www.lacavedeslecteurs.com\/index.php\/wp-json\/wp\/v2\/media\/17063"}],"wp:attachment":[{"href":"https:\/\/www.lacavedeslecteurs.com\/index.php\/wp-json\/wp\/v2\/media?parent=11940"}],"wp:term":[{"taxonomy":"product_brand","embeddable":true,"href":"https:\/\/www.lacavedeslecteurs.com\/index.php\/wp-json\/wp\/v2\/product_brand?post=11940"},{"taxonomy":"product_cat","embeddable":true,"href":"https:\/\/www.lacavedeslecteurs.com\/index.php\/wp-json\/wp\/v2\/product_cat?post=11940"},{"taxonomy":"product_tag","embeddable":true,"href":"https:\/\/www.lacavedeslecteurs.com\/index.php\/wp-json\/wp\/v2\/product_tag?post=11940"}],"curies":[{"name":"wp","href":"https:\/\/api.w.org\/{rel}","templated":true}]}}