{"id":11948,"date":"2025-12-31T13:03:17","date_gmt":"2025-12-31T13:03:17","guid":{"rendered":"https:\/\/www.lacavedeslecteurs.com\/index.php\/product\/ramond-vineyard-r-collection-field-blend-red\/"},"modified":"2026-02-13T15:40:21","modified_gmt":"2026-02-13T15:40:21","slug":"ramond-vineyard-r-collection-field-blend-red","status":"publish","type":"product","link":"https:\/\/www.lacavedeslecteurs.com\/index.php\/product\/ramond-vineyard-r-collection-field-blend-red\/","title":{"rendered":"Ramond Vineyard R Collection Field Blend Red - 2020"},"content":{"rendered":"<p>R. Collection propose des vins californiens qui offrent une valeur exceptionnelle et des vins de grande qualit\u00e9 pour le plaisir de tous les jours. Field Blend, nomm\u00e9 d&rsquo;apr\u00e8s la cinqui\u00e8me g\u00e9n\u00e9ration, est un vin unique compos\u00e9 de cinq c\u00e9pages principaux, dont le cabernet sauvignon, le merlot, la syrah, la petite sirah et le zinfandel.<\/p>\n","protected":false},"excerpt":{"rendered":"<p>R. Collection propose des vins californiens qui offrent une valeur exceptionnelle et des vins de grande qualit\u00e9 pour le plaisir de tous les jours. Field Blend, nomm\u00e9 d&rsquo;apr\u00e8s la cinqui\u00e8me g\u00e9n\u00e9ration, est un vin unique compos\u00e9 de cinq c\u00e9pages principaux, dont le cabernet sauvignon, le merlot, la syrah, la petite sirah et le zinfandel.<\/p>\n","protected":false},"featured_media":17067,"comment_status":"open","ping_status":"closed","template":"","meta":[],"product_brand":[],"product_cat":[365,138,27,56],"product_tag":[],"class_list":{"0":"post-11948","1":"product","2":"type-product","3":"status-publish","4":"has-post-thumbnail","6":"product_cat-categorie","7":"product_cat-couleurs","8":"product_cat-rouge","9":"product_cat-vins-du-monde","11":"first","12":"instock","13":"sale","14":"taxable","15":"shipping-taxable","16":"purchasable","17":"product-type-simple"},"_links":{"self":[{"href":"https:\/\/www.lacavedeslecteurs.com\/index.php\/wp-json\/wp\/v2\/product\/11948","targetHints":{"allow":["GET"]}}],"collection":[{"href":"https:\/\/www.lacavedeslecteurs.com\/index.php\/wp-json\/wp\/v2\/product"}],"about":[{"href":"https:\/\/www.lacavedeslecteurs.com\/index.php\/wp-json\/wp\/v2\/types\/product"}],"replies":[{"embeddable":true,"href":"https:\/\/www.lacavedeslecteurs.com\/index.php\/wp-json\/wp\/v2\/comments?post=11948"}],"wp:featuredmedia":[{"embeddable":true,"href":"https:\/\/www.lacavedeslecteurs.com\/index.php\/wp-json\/wp\/v2\/media\/17067"}],"wp:attachment":[{"href":"https:\/\/www.lacavedeslecteurs.com\/index.php\/wp-json\/wp\/v2\/media?parent=11948"}],"wp:term":[{"taxonomy":"product_brand","embeddable":true,"href":"https:\/\/www.lacavedeslecteurs.com\/index.php\/wp-json\/wp\/v2\/product_brand?post=11948"},{"taxonomy":"product_cat","embeddable":true,"href":"https:\/\/www.lacavedeslecteurs.com\/index.php\/wp-json\/wp\/v2\/product_cat?post=11948"},{"taxonomy":"product_tag","embeddable":true,"href":"https:\/\/www.lacavedeslecteurs.com\/index.php\/wp-json\/wp\/v2\/product_tag?post=11948"}],"curies":[{"name":"wp","href":"https:\/\/api.w.org\/{rel}","templated":true}]}}