{"id":11966,"date":"2025-12-31T13:03:27","date_gmt":"2025-12-31T13:03:27","guid":{"rendered":"https:\/\/www.lacavedeslecteurs.com\/index.php\/product\/terre-des-2-sources-amourettes\/"},"modified":"2026-02-13T15:40:59","modified_gmt":"2026-02-13T15:40:59","slug":"terre-des-2-sources-amourettes","status":"publish","type":"product","link":"https:\/\/www.lacavedeslecteurs.com\/index.php\/product\/terre-des-2-sources-amourettes\/","title":{"rendered":"Terre des 2 Sources Amourettes - 2020"},"content":{"rendered":"<p>Assemblage de plusieurs parcelles au pied des C\u00e9vennes. C\u2019est un vin facile \u00e0 boire avec un nez fruit\u00e9 r\u00e9v\u00e9lant des ar\u00f4mes de baies d&rsquo;\u00e9t\u00e9 m\u00fbres, des touches de bois grill\u00e9. Un plaisir simple autour d\u2019une \u00e9tiquette romantique.<\/p>\n","protected":false},"excerpt":{"rendered":"<p>Assemblage de plusieurs parcelles au pied des C\u00e9vennes. C\u2019est un vin facile \u00e0 boire avec un nez fruit\u00e9 r\u00e9v\u00e9lant des ar\u00f4mes de baies d&rsquo;\u00e9t\u00e9 m\u00fbres, des touches de bois grill\u00e9. Un plaisir simple autour d\u2019une \u00e9tiquette romantique.<\/p>\n","protected":false},"featured_media":17087,"comment_status":"open","ping_status":"closed","template":"","meta":[],"product_brand":[],"product_cat":[365,138,27,54],"product_tag":[],"class_list":{"0":"post-11966","1":"product","2":"type-product","3":"status-publish","4":"has-post-thumbnail","6":"product_cat-categorie","7":"product_cat-couleurs","8":"product_cat-rouge","9":"product_cat-vins-du-sud","11":"first","12":"instock","13":"sale","14":"taxable","15":"shipping-taxable","16":"purchasable","17":"product-type-simple"},"_links":{"self":[{"href":"https:\/\/www.lacavedeslecteurs.com\/index.php\/wp-json\/wp\/v2\/product\/11966","targetHints":{"allow":["GET"]}}],"collection":[{"href":"https:\/\/www.lacavedeslecteurs.com\/index.php\/wp-json\/wp\/v2\/product"}],"about":[{"href":"https:\/\/www.lacavedeslecteurs.com\/index.php\/wp-json\/wp\/v2\/types\/product"}],"replies":[{"embeddable":true,"href":"https:\/\/www.lacavedeslecteurs.com\/index.php\/wp-json\/wp\/v2\/comments?post=11966"}],"wp:featuredmedia":[{"embeddable":true,"href":"https:\/\/www.lacavedeslecteurs.com\/index.php\/wp-json\/wp\/v2\/media\/17087"}],"wp:attachment":[{"href":"https:\/\/www.lacavedeslecteurs.com\/index.php\/wp-json\/wp\/v2\/media?parent=11966"}],"wp:term":[{"taxonomy":"product_brand","embeddable":true,"href":"https:\/\/www.lacavedeslecteurs.com\/index.php\/wp-json\/wp\/v2\/product_brand?post=11966"},{"taxonomy":"product_cat","embeddable":true,"href":"https:\/\/www.lacavedeslecteurs.com\/index.php\/wp-json\/wp\/v2\/product_cat?post=11966"},{"taxonomy":"product_tag","embeddable":true,"href":"https:\/\/www.lacavedeslecteurs.com\/index.php\/wp-json\/wp\/v2\/product_tag?post=11966"}],"curies":[{"name":"wp","href":"https:\/\/api.w.org\/{rel}","templated":true}]}}