{"id":11978,"date":"2025-12-31T13:03:31","date_gmt":"2025-12-31T13:03:31","guid":{"rendered":"https:\/\/www.lacavedeslecteurs.com\/index.php\/product\/clos-canereccia\/"},"modified":"2026-02-13T15:41:11","modified_gmt":"2026-02-13T15:41:11","slug":"clos-canereccia","status":"publish","type":"product","link":"https:\/\/www.lacavedeslecteurs.com\/index.php\/product\/clos-canereccia\/","title":{"rendered":"Clos Canereccia - 2017"},"content":{"rendered":"<p>On d\u00e9couvre une jolie robe violet pourpre, avec des parfums de maquis, suivi par les senteurs de sauge, de thym et d\u2019iode, un concentr\u00e9 de Corse\u2026 En bouche, la fra\u00eecheur \u00e9tonne par sa d\u00e9licatesse. Cette derni\u00e8re met subtilement en avant les ar\u00f4mes de fruits rouge et noir, teint\u00e9s d\u2019\u00e9pices orientales comme le santal et le poivre cub\u00e8be.<\/p>\n","protected":false},"excerpt":{"rendered":"<p>On d\u00e9couvre une jolie robe violet pourpre, avec des parfums de maquis, suivi par les senteurs de sauge, de thym et d\u2019iode, un concentr\u00e9 de Corse\u2026 En bouche, la fra\u00eecheur \u00e9tonne par sa d\u00e9licatesse. Cette derni\u00e8re met subtilement en avant les ar\u00f4mes de fruits rouge et noir, teint\u00e9s d\u2019\u00e9pices orientales comme le santal et le [&hellip;]<\/p>\n","protected":false},"featured_media":17093,"comment_status":"open","ping_status":"closed","template":"","meta":[],"product_brand":[],"product_cat":[365,138,27,54],"product_tag":[],"class_list":{"0":"post-11978","1":"product","2":"type-product","3":"status-publish","4":"has-post-thumbnail","6":"product_cat-categorie","7":"product_cat-couleurs","8":"product_cat-rouge","9":"product_cat-vins-du-sud","11":"first","12":"instock","13":"sale","14":"taxable","15":"shipping-taxable","16":"purchasable","17":"product-type-simple"},"_links":{"self":[{"href":"https:\/\/www.lacavedeslecteurs.com\/index.php\/wp-json\/wp\/v2\/product\/11978","targetHints":{"allow":["GET"]}}],"collection":[{"href":"https:\/\/www.lacavedeslecteurs.com\/index.php\/wp-json\/wp\/v2\/product"}],"about":[{"href":"https:\/\/www.lacavedeslecteurs.com\/index.php\/wp-json\/wp\/v2\/types\/product"}],"replies":[{"embeddable":true,"href":"https:\/\/www.lacavedeslecteurs.com\/index.php\/wp-json\/wp\/v2\/comments?post=11978"}],"wp:featuredmedia":[{"embeddable":true,"href":"https:\/\/www.lacavedeslecteurs.com\/index.php\/wp-json\/wp\/v2\/media\/17093"}],"wp:attachment":[{"href":"https:\/\/www.lacavedeslecteurs.com\/index.php\/wp-json\/wp\/v2\/media?parent=11978"}],"wp:term":[{"taxonomy":"product_brand","embeddable":true,"href":"https:\/\/www.lacavedeslecteurs.com\/index.php\/wp-json\/wp\/v2\/product_brand?post=11978"},{"taxonomy":"product_cat","embeddable":true,"href":"https:\/\/www.lacavedeslecteurs.com\/index.php\/wp-json\/wp\/v2\/product_cat?post=11978"},{"taxonomy":"product_tag","embeddable":true,"href":"https:\/\/www.lacavedeslecteurs.com\/index.php\/wp-json\/wp\/v2\/product_tag?post=11978"}],"curies":[{"name":"wp","href":"https:\/\/api.w.org\/{rel}","templated":true}]}}