{"id":12002,"date":"2025-12-31T13:03:44","date_gmt":"2025-12-31T13:03:44","guid":{"rendered":"https:\/\/www.lacavedeslecteurs.com\/index.php\/product\/domaine-bardi-dalquier-les-premieres\/"},"modified":"2026-02-13T15:41:56","modified_gmt":"2026-02-13T15:41:56","slug":"domaine-bardi-dalquier-les-premieres","status":"publish","type":"product","link":"https:\/\/www.lacavedeslecteurs.com\/index.php\/product\/domaine-bardi-dalquier-les-premieres\/","title":{"rendered":"Domaine Bardi d&rsquo;Alquier Les Premi\u00e8res - 2019"},"content":{"rendered":"<p>La cuv\u00e9e id\u00e9ale pour d\u00e9couvrir ce superbe domaine, \u00ab le meilleur de l\u2019appellation Faug\u00e8res \u00bb d\u2019apr\u00e8s la Revue des Vins de France. Au nez, on d\u00e9couvre un vin chaleureux et \u00e9quilibr\u00e9. Il offre des notes toast\u00e9es et fum\u00e9es avec une belle palette aromatique d\u2019\u00e9corce d\u2019orange et de bois de santal.<\/p>\n","protected":false},"excerpt":{"rendered":"<p>La cuv\u00e9e id\u00e9ale pour d\u00e9couvrir ce superbe domaine, \u00ab le meilleur de l\u2019appellation Faug\u00e8res \u00bb d\u2019apr\u00e8s la Revue des Vins de France. Au nez, on d\u00e9couvre un vin chaleureux et \u00e9quilibr\u00e9. Il offre des notes toast\u00e9es et fum\u00e9es avec une belle palette aromatique d\u2019\u00e9corce d\u2019orange et de bois de santal.<\/p>\n","protected":false},"featured_media":17105,"comment_status":"open","ping_status":"closed","template":"","meta":[],"product_brand":[],"product_cat":[365,138,27,54],"product_tag":[],"class_list":{"0":"post-12002","1":"product","2":"type-product","3":"status-publish","4":"has-post-thumbnail","6":"product_cat-categorie","7":"product_cat-couleurs","8":"product_cat-rouge","9":"product_cat-vins-du-sud","11":"first","12":"instock","13":"sale","14":"taxable","15":"shipping-taxable","16":"purchasable","17":"product-type-simple"},"_links":{"self":[{"href":"https:\/\/www.lacavedeslecteurs.com\/index.php\/wp-json\/wp\/v2\/product\/12002","targetHints":{"allow":["GET"]}}],"collection":[{"href":"https:\/\/www.lacavedeslecteurs.com\/index.php\/wp-json\/wp\/v2\/product"}],"about":[{"href":"https:\/\/www.lacavedeslecteurs.com\/index.php\/wp-json\/wp\/v2\/types\/product"}],"replies":[{"embeddable":true,"href":"https:\/\/www.lacavedeslecteurs.com\/index.php\/wp-json\/wp\/v2\/comments?post=12002"}],"wp:featuredmedia":[{"embeddable":true,"href":"https:\/\/www.lacavedeslecteurs.com\/index.php\/wp-json\/wp\/v2\/media\/17105"}],"wp:attachment":[{"href":"https:\/\/www.lacavedeslecteurs.com\/index.php\/wp-json\/wp\/v2\/media?parent=12002"}],"wp:term":[{"taxonomy":"product_brand","embeddable":true,"href":"https:\/\/www.lacavedeslecteurs.com\/index.php\/wp-json\/wp\/v2\/product_brand?post=12002"},{"taxonomy":"product_cat","embeddable":true,"href":"https:\/\/www.lacavedeslecteurs.com\/index.php\/wp-json\/wp\/v2\/product_cat?post=12002"},{"taxonomy":"product_tag","embeddable":true,"href":"https:\/\/www.lacavedeslecteurs.com\/index.php\/wp-json\/wp\/v2\/product_tag?post=12002"}],"curies":[{"name":"wp","href":"https:\/\/api.w.org\/{rel}","templated":true}]}}