{"id":12018,"date":"2025-12-31T13:03:52","date_gmt":"2025-12-31T13:03:52","guid":{"rendered":"https:\/\/www.lacavedeslecteurs.com\/index.php\/product\/chateau-sainte-roseline-lampe-de-meduse-2\/"},"modified":"2026-02-13T15:42:17","modified_gmt":"2026-02-13T15:42:17","slug":"chateau-sainte-roseline-lampe-de-meduse-2","status":"publish","type":"product","link":"https:\/\/www.lacavedeslecteurs.com\/index.php\/product\/chateau-sainte-roseline-lampe-de-meduse-2\/","title":{"rendered":"Ch\u00e2teau Sainte Roseline Lampe de M\u00e9duse - 2022"},"content":{"rendered":"<p>C\u2019est le fruit  de l\u2019assemblage des c\u00e9pages Grenache, Cinsault, Mourv\u00e8dre et Syrah. Le nez complexe et intense r\u00e9v\u00e8le des notes fines de fruits exotiques, de p\u00eache blanche et mangue. La bouche persistante s\u2019\u00e9quilibre entre rondeur et fra\u00eecheur. <\/p>\n","protected":false},"excerpt":{"rendered":"<p>C\u2019est le fruit de l\u2019assemblage des c\u00e9pages Grenache, Cinsault, Mourv\u00e8dre et Syrah. Le nez complexe et intense r\u00e9v\u00e8le des notes fines de fruits exotiques, de p\u00eache blanche et mangue. La bouche persistante s\u2019\u00e9quilibre entre rondeur et fra\u00eecheur.<\/p>\n","protected":false},"featured_media":17113,"comment_status":"open","ping_status":"closed","template":"","meta":[],"product_brand":[],"product_cat":[365,138,55,54],"product_tag":[],"class_list":{"0":"post-12018","1":"product","2":"type-product","3":"status-publish","4":"has-post-thumbnail","6":"product_cat-categorie","7":"product_cat-couleurs","8":"product_cat-rose","9":"product_cat-vins-du-sud","11":"first","12":"instock","13":"sale","14":"taxable","15":"shipping-taxable","16":"purchasable","17":"product-type-simple"},"_links":{"self":[{"href":"https:\/\/www.lacavedeslecteurs.com\/index.php\/wp-json\/wp\/v2\/product\/12018","targetHints":{"allow":["GET"]}}],"collection":[{"href":"https:\/\/www.lacavedeslecteurs.com\/index.php\/wp-json\/wp\/v2\/product"}],"about":[{"href":"https:\/\/www.lacavedeslecteurs.com\/index.php\/wp-json\/wp\/v2\/types\/product"}],"replies":[{"embeddable":true,"href":"https:\/\/www.lacavedeslecteurs.com\/index.php\/wp-json\/wp\/v2\/comments?post=12018"}],"wp:featuredmedia":[{"embeddable":true,"href":"https:\/\/www.lacavedeslecteurs.com\/index.php\/wp-json\/wp\/v2\/media\/17113"}],"wp:attachment":[{"href":"https:\/\/www.lacavedeslecteurs.com\/index.php\/wp-json\/wp\/v2\/media?parent=12018"}],"wp:term":[{"taxonomy":"product_brand","embeddable":true,"href":"https:\/\/www.lacavedeslecteurs.com\/index.php\/wp-json\/wp\/v2\/product_brand?post=12018"},{"taxonomy":"product_cat","embeddable":true,"href":"https:\/\/www.lacavedeslecteurs.com\/index.php\/wp-json\/wp\/v2\/product_cat?post=12018"},{"taxonomy":"product_tag","embeddable":true,"href":"https:\/\/www.lacavedeslecteurs.com\/index.php\/wp-json\/wp\/v2\/product_tag?post=12018"}],"curies":[{"name":"wp","href":"https:\/\/api.w.org\/{rel}","templated":true}]}}