{"id":12030,"date":"2025-12-31T13:03:59","date_gmt":"2025-12-31T13:03:59","guid":{"rendered":"https:\/\/www.lacavedeslecteurs.com\/index.php\/product\/chateau-minuty-rose-or\/"},"modified":"2026-02-13T15:42:31","modified_gmt":"2026-02-13T15:42:31","slug":"chateau-minuty-rose-or","status":"publish","type":"product","link":"https:\/\/www.lacavedeslecteurs.com\/index.php\/product\/chateau-minuty-rose-or\/","title":{"rendered":"Ch\u00e2teau Minuty Ros\u00e9 &#038; Or - 2022"},"content":{"rendered":"<p>Ch\u00e2teau Minuty, domaine familial en Provence, surplombe le Golfe de Saint-Tropez. Avec 60 hectares d\u2019un seul tenant sur des sols de calcaire schisteux, 80 hectares sont sur un sol argilo-calcaire il allie tradition et renom\u00e9e mondiale. On utilise des c\u00e9pages m\u00e9ridionaux, comme le grenache, des vendages manuelles, un pressage doux, une vinification pr\u00e9cise pour pr\u00e9server la fra\u00eecheur et fruit\u00e9.<\/p>\n","protected":false},"excerpt":{"rendered":"<p>Ch\u00e2teau Minuty, domaine familial en Provence, surplombe le Golfe de Saint-Tropez. Avec 60 hectares d\u2019un seul tenant sur des sols de calcaire schisteux, 80 hectares sont sur un sol argilo-calcaire il allie tradition et renom\u00e9e mondiale. On utilise des c\u00e9pages m\u00e9ridionaux, comme le grenache, des vendages manuelles, un pressage doux, une vinification pr\u00e9cise pour pr\u00e9server [&hellip;]<\/p>\n","protected":false},"featured_media":17119,"comment_status":"open","ping_status":"closed","template":"","meta":[],"product_brand":[],"product_cat":[365,138,55,54],"product_tag":[],"class_list":{"0":"post-12030","1":"product","2":"type-product","3":"status-publish","4":"has-post-thumbnail","6":"product_cat-categorie","7":"product_cat-couleurs","8":"product_cat-rose","9":"product_cat-vins-du-sud","11":"first","12":"instock","13":"sale","14":"taxable","15":"shipping-taxable","16":"purchasable","17":"product-type-simple"},"_links":{"self":[{"href":"https:\/\/www.lacavedeslecteurs.com\/index.php\/wp-json\/wp\/v2\/product\/12030","targetHints":{"allow":["GET"]}}],"collection":[{"href":"https:\/\/www.lacavedeslecteurs.com\/index.php\/wp-json\/wp\/v2\/product"}],"about":[{"href":"https:\/\/www.lacavedeslecteurs.com\/index.php\/wp-json\/wp\/v2\/types\/product"}],"replies":[{"embeddable":true,"href":"https:\/\/www.lacavedeslecteurs.com\/index.php\/wp-json\/wp\/v2\/comments?post=12030"}],"wp:featuredmedia":[{"embeddable":true,"href":"https:\/\/www.lacavedeslecteurs.com\/index.php\/wp-json\/wp\/v2\/media\/17119"}],"wp:attachment":[{"href":"https:\/\/www.lacavedeslecteurs.com\/index.php\/wp-json\/wp\/v2\/media?parent=12030"}],"wp:term":[{"taxonomy":"product_brand","embeddable":true,"href":"https:\/\/www.lacavedeslecteurs.com\/index.php\/wp-json\/wp\/v2\/product_brand?post=12030"},{"taxonomy":"product_cat","embeddable":true,"href":"https:\/\/www.lacavedeslecteurs.com\/index.php\/wp-json\/wp\/v2\/product_cat?post=12030"},{"taxonomy":"product_tag","embeddable":true,"href":"https:\/\/www.lacavedeslecteurs.com\/index.php\/wp-json\/wp\/v2\/product_tag?post=12030"}],"curies":[{"name":"wp","href":"https:\/\/api.w.org\/{rel}","templated":true}]}}