{"id":12048,"date":"2025-12-31T13:04:07","date_gmt":"2025-12-31T13:04:07","guid":{"rendered":"https:\/\/www.lacavedeslecteurs.com\/index.php\/product\/clos-des-nines-pulp\/"},"modified":"2026-02-13T15:47:44","modified_gmt":"2026-02-13T15:47:44","slug":"clos-des-nines-pulp","status":"publish","type":"product","link":"https:\/\/www.lacavedeslecteurs.com\/index.php\/product\/clos-des-nines-pulp\/","title":{"rendered":"Clos des Nines Pulp - 2020"},"content":{"rendered":"<p>Comme la pulpe d\u2019un fruit frais dans lequel on croque \u00e0 pleines dents, c\u2019est ainsi que l\u2019on peut simplement r\u00e9sumer cette cuv\u00e9e. Pulp rouge : un vin de copains \u00e0 boire sur sa jeunesse pour appr\u00e9cier ses notes de fruits et son aromatique d\u00e9salt\u00e9rante. <\/p>\n","protected":false},"excerpt":{"rendered":"<p>Comme la pulpe d\u2019un fruit frais dans lequel on croque \u00e0 pleines dents, c\u2019est ainsi que l\u2019on peut simplement r\u00e9sumer cette cuv\u00e9e. Pulp rouge : un vin de copains \u00e0 boire sur sa jeunesse pour appr\u00e9cier ses notes de fruits et son aromatique d\u00e9salt\u00e9rante.<\/p>\n","protected":false},"featured_media":17128,"comment_status":"open","ping_status":"closed","template":"","meta":[],"product_brand":[],"product_cat":[365,138,27,54],"product_tag":[],"class_list":{"0":"post-12048","1":"product","2":"type-product","3":"status-publish","4":"has-post-thumbnail","6":"product_cat-categorie","7":"product_cat-couleurs","8":"product_cat-rouge","9":"product_cat-vins-du-sud","11":"first","12":"instock","13":"sale","14":"taxable","15":"shipping-taxable","16":"purchasable","17":"product-type-simple"},"_links":{"self":[{"href":"https:\/\/www.lacavedeslecteurs.com\/index.php\/wp-json\/wp\/v2\/product\/12048","targetHints":{"allow":["GET"]}}],"collection":[{"href":"https:\/\/www.lacavedeslecteurs.com\/index.php\/wp-json\/wp\/v2\/product"}],"about":[{"href":"https:\/\/www.lacavedeslecteurs.com\/index.php\/wp-json\/wp\/v2\/types\/product"}],"replies":[{"embeddable":true,"href":"https:\/\/www.lacavedeslecteurs.com\/index.php\/wp-json\/wp\/v2\/comments?post=12048"}],"wp:featuredmedia":[{"embeddable":true,"href":"https:\/\/www.lacavedeslecteurs.com\/index.php\/wp-json\/wp\/v2\/media\/17128"}],"wp:attachment":[{"href":"https:\/\/www.lacavedeslecteurs.com\/index.php\/wp-json\/wp\/v2\/media?parent=12048"}],"wp:term":[{"taxonomy":"product_brand","embeddable":true,"href":"https:\/\/www.lacavedeslecteurs.com\/index.php\/wp-json\/wp\/v2\/product_brand?post=12048"},{"taxonomy":"product_cat","embeddable":true,"href":"https:\/\/www.lacavedeslecteurs.com\/index.php\/wp-json\/wp\/v2\/product_cat?post=12048"},{"taxonomy":"product_tag","embeddable":true,"href":"https:\/\/www.lacavedeslecteurs.com\/index.php\/wp-json\/wp\/v2\/product_tag?post=12048"}],"curies":[{"name":"wp","href":"https:\/\/api.w.org\/{rel}","templated":true}]}}