{"id":14337,"date":"2026-01-26T10:31:53","date_gmt":"2026-01-26T10:31:53","guid":{"rendered":"https:\/\/www.lacavedeslecteurs.com\/index.php\/product\/coffret-decouverte-3-bouteilles-bordeaux-bourgogne\/"},"modified":"2026-02-13T15:35:28","modified_gmt":"2026-02-13T15:35:28","slug":"coffret-decouverte-3-bouteilles-bordeaux-bourgogne","status":"publish","type":"product","link":"https:\/\/www.lacavedeslecteurs.com\/index.php\/product\/coffret-decouverte-3-bouteilles-bordeaux-bourgogne\/","title":{"rendered":"COFFRET D\u00c9COUVERTE &#8211; 3 bouteilles : Bordeaux &#8211; Bourgogne"},"content":{"rendered":"<p>HAUT-M\u00c9DOC Cru Bourgeois Ch\u00e2teau Prieur\u00e9 de Beyzac 2018<br \/>\nCHABLIS Domaine Gautheron 2021<br \/>\nMARGAUX S de Siran 2019<\/p>\n","protected":false},"excerpt":{"rendered":"<p>HAUT-M\u00c9DOC Cru Bourgeois Ch\u00e2teau Prieur\u00e9 de Beyzac 2018 CHABLIS Domaine Gautheron 2021 MARGAUX S de Siran 2019<\/p>\n","protected":false},"featured_media":16915,"comment_status":"open","ping_status":"closed","template":"","meta":[],"product_brand":[],"product_cat":[365,126],"product_tag":[],"class_list":{"0":"post-14337","1":"product","2":"type-product","3":"status-publish","4":"has-post-thumbnail","6":"product_cat-categorie","7":"product_cat-coffrets","9":"first","10":"instock","11":"sale","12":"taxable","13":"shipping-taxable","14":"purchasable","15":"product-type-simple"},"_links":{"self":[{"href":"https:\/\/www.lacavedeslecteurs.com\/index.php\/wp-json\/wp\/v2\/product\/14337","targetHints":{"allow":["GET"]}}],"collection":[{"href":"https:\/\/www.lacavedeslecteurs.com\/index.php\/wp-json\/wp\/v2\/product"}],"about":[{"href":"https:\/\/www.lacavedeslecteurs.com\/index.php\/wp-json\/wp\/v2\/types\/product"}],"replies":[{"embeddable":true,"href":"https:\/\/www.lacavedeslecteurs.com\/index.php\/wp-json\/wp\/v2\/comments?post=14337"}],"wp:featuredmedia":[{"embeddable":true,"href":"https:\/\/www.lacavedeslecteurs.com\/index.php\/wp-json\/wp\/v2\/media\/16915"}],"wp:attachment":[{"href":"https:\/\/www.lacavedeslecteurs.com\/index.php\/wp-json\/wp\/v2\/media?parent=14337"}],"wp:term":[{"taxonomy":"product_brand","embeddable":true,"href":"https:\/\/www.lacavedeslecteurs.com\/index.php\/wp-json\/wp\/v2\/product_brand?post=14337"},{"taxonomy":"product_cat","embeddable":true,"href":"https:\/\/www.lacavedeslecteurs.com\/index.php\/wp-json\/wp\/v2\/product_cat?post=14337"},{"taxonomy":"product_tag","embeddable":true,"href":"https:\/\/www.lacavedeslecteurs.com\/index.php\/wp-json\/wp\/v2\/product_tag?post=14337"}],"curies":[{"name":"wp","href":"https:\/\/api.w.org\/{rel}","templated":true}]}}